Last updated on 2020-01-27 00:47:57 CET.
Flavor | Version | Tinstall | Tcheck | Ttotal | Status | Flags |
---|---|---|---|---|---|---|
r-devel-linux-x86_64-debian-clang | 0.6.0 | 2.68 | 32.53 | 35.21 | OK | |
r-devel-linux-x86_64-debian-gcc | 0.6.0 | 2.56 | 26.08 | 28.64 | OK | |
r-devel-linux-x86_64-fedora-clang | 0.6.0 | 44.40 | OK | |||
r-devel-linux-x86_64-fedora-gcc | 0.6.0 | 43.47 | OK | |||
r-devel-windows-ix86+x86_64 | 0.6.0 | 12.00 | 73.00 | 85.00 | OK | |
r-devel-windows-ix86+x86_64-gcc8 | 0.6.0 | 11.00 | 67.00 | 78.00 | OK | |
r-patched-linux-x86_64 | 0.6.0 | 2.69 | 30.44 | 33.13 | OK | |
r-patched-solaris-x86 | 0.6.0 | 62.70 | OK | |||
r-release-linux-x86_64 | 0.6.0 | 2.63 | 29.99 | 32.62 | OK | |
r-release-windows-ix86+x86_64 | 0.6.0 | 7.00 | 43.00 | 50.00 | OK | |
r-release-osx-x86_64 | 0.6.0 | NOTE | ||||
r-oldrel-windows-ix86+x86_64 | 0.6.0 | 4.00 | 63.00 | 67.00 | OK | |
r-oldrel-osx-x86_64 | 0.6.0 | OK |
Version: 0.6.0
Check: package dependencies
Result: NOTE
Package suggested but not available for checking: ‘affxparser’
Flavor: r-release-osx-x86_64
Version: 0.6.0
Check: Rd cross-references
Result: NOTE
Package unavailable to check Rd xrefs: ‘affxparser’
Flavor: r-release-osx-x86_64