CRAN Package Check Results for Package ari

Last updated on 2020-01-27 00:47:57 CET.

Flavor Version Tinstall Tcheck Ttotal Status Flags
r-devel-linux-x86_64-debian-clang 0.3.3 6.49 54.26 60.75 OK
r-devel-linux-x86_64-debian-gcc 0.3.3 4.86 40.16 45.02 OK
r-devel-linux-x86_64-fedora-clang 0.3.3 66.76 NOTE
r-devel-linux-x86_64-fedora-gcc 0.3.3 68.73 OK
r-devel-windows-ix86+x86_64 0.3.3 24.00 99.00 123.00 OK
r-devel-windows-ix86+x86_64-gcc8 0.3.3 24.00 92.00 116.00 OK
r-patched-linux-x86_64 0.3.3 5.01 47.22 52.23 OK
r-patched-solaris-x86 0.3.3 95.20 OK
r-release-linux-x86_64 0.3.3 5.00 45.64 50.64 OK
r-release-windows-ix86+x86_64 0.3.3 12.00 65.00 77.00 OK
r-release-osx-x86_64 0.3.3 OK
r-oldrel-windows-ix86+x86_64 0.3.3 6.00 64.00 70.00 OK
r-oldrel-osx-x86_64 0.3.3 OK

Check Details

Version: 0.3.3
Check: package dependencies
Result: NOTE
    Suggests orphaned package: ‘aws.polly’
Flavor: r-devel-linux-x86_64-fedora-clang