CRAN Package Check Results for Package argparse

Last updated on 2020-01-27 00:47:57 CET.

Flavor Version Tinstall Tcheck Ttotal Status Flags
r-devel-linux-x86_64-debian-clang 2.0.1 4.41 37.66 42.07 OK
r-devel-linux-x86_64-debian-gcc 2.0.1 4.30 30.25 34.55 OK
r-devel-linux-x86_64-fedora-clang 2.0.1 57.52 OK
r-devel-linux-x86_64-fedora-gcc 2.0.1 55.43 OK
r-devel-windows-ix86+x86_64 2.0.1 13.00 71.00 84.00 OK --no-vignettes
r-devel-windows-ix86+x86_64-gcc8 2.0.1 11.00 82.00 93.00 OK --no-vignettes
r-patched-linux-x86_64 2.0.1 3.61 34.79 38.40 OK
r-patched-solaris-x86 2.0.1 59.30 OK --no-vignettes
r-release-linux-x86_64 2.0.1 3.42 34.90 38.32 OK
r-release-windows-ix86+x86_64 2.0.1 7.00 134.00 141.00 OK --no-vignettes
r-release-osx-x86_64 2.0.1 WARN
r-oldrel-windows-ix86+x86_64 2.0.1 5.00 72.00 77.00 OK --no-vignettes
r-oldrel-osx-x86_64 2.0.1 WARN

Check Details

Version: 2.0.1
Check: re-building of vignette outputs
Result: WARN
    Error(s) in re-building vignettes:
     ...
    --- re-building ‘argparse.Rrst’ using knitr
    sh: +RTS: command not found
    Warning in system(command) : error in running command
    Error: processing vignette 'argparse.Rrst' failed with diagnostics:
    pandoc document conversion failed with error 127
    --- failed re-building ‘argparse.Rrst’
    
    SUMMARY: processing the following file failed:
     ‘argparse.Rrst’
    
    Error: Vignette re-building failed.
    Execution halted
Flavor: r-release-osx-x86_64

Version: 2.0.1
Check: re-building of vignette outputs
Result: WARN
    Error in re-building vignettes:
     ...
    sh: +RTS: command not found
    Warning in system(command) : error in running command
    Error: processing vignette 'argparse.Rrst' failed with diagnostics:
    pandoc document conversion failed with error 127
    Execution halted
Flavor: r-oldrel-osx-x86_64