CRAN Package Check Results for Package apt

Last updated on 2020-01-27 00:47:57 CET.

Flavor Version Tinstall Tcheck Ttotal Status Flags
r-devel-linux-x86_64-debian-clang 2.5 14.77 118.90 133.67 OK
r-devel-linux-x86_64-debian-gcc 2.5 11.38 91.49 102.87 OK
r-devel-linux-x86_64-fedora-clang 2.5 162.47 OK
r-devel-linux-x86_64-fedora-gcc 2.5 158.69 OK
r-devel-windows-ix86+x86_64 2.5 53.00 186.00 239.00 OK
r-devel-windows-ix86+x86_64-gcc8 2.5 51.00 135.00 186.00 OK
r-patched-linux-x86_64 2.5 10.30 101.62 111.92 OK
r-patched-solaris-x86 2.5 224.50 OK
r-release-linux-x86_64 2.5 10.55 100.82 111.37 OK
r-release-windows-ix86+x86_64 2.5 28.00 123.00 151.00 OK
r-release-osx-x86_64 2.5 NOTE
r-oldrel-windows-ix86+x86_64 2.5 14.00 111.00 125.00 OK
r-oldrel-osx-x86_64 2.5 NOTE

Check Details

Version: 2.5
Check: package dependencies
Result: NOTE
    Packages suggested but not available for checking:
     'RGtk2', 'gWidgetsRGtk2', 'cairoDevice'
Flavor: r-release-osx-x86_64

Version: 2.5
Check: package dependencies
Result: NOTE
    Packages suggested but not available for checking:
     ‘RGtk2’ ‘gWidgetsRGtk2’ ‘cairoDevice’
Flavor: r-oldrel-osx-x86_64