CRAN Package Check Results for Package anytime

Last updated on 2020-01-27 00:47:57 CET.

Flavor Version Tinstall Tcheck Ttotal Status Flags
r-devel-linux-x86_64-debian-clang 0.3.7 24.79 28.44 53.23 OK
r-devel-linux-x86_64-debian-gcc 0.3.7 19.28 23.01 42.29 OK
r-devel-linux-x86_64-fedora-clang 0.3.7 72.44 ERROR
r-devel-linux-x86_64-fedora-gcc 0.3.7 72.02 ERROR
r-devel-windows-ix86+x86_64 0.3.7 85.00 90.00 175.00 OK
r-devel-windows-ix86+x86_64-gcc8 0.3.6 86.00 77.00 163.00 OK
r-patched-linux-x86_64 0.3.7 20.73 26.70 47.43 OK
r-patched-solaris-x86 0.3.7 79.00 OK
r-release-linux-x86_64 0.3.7 21.73 26.36 48.09 OK
r-release-windows-ix86+x86_64 0.3.7 63.00 73.00 136.00 OK
r-release-osx-x86_64 0.3.7 OK
r-oldrel-windows-ix86+x86_64 0.3.7 80.00 96.00 176.00 OK
r-oldrel-osx-x86_64 0.3.7 OK

Check Details

Version: 0.3.7
Check: tests
Result: ERROR
     Running ‘tinytest.R’
    Running the tests in ‘tests/tinytest.R’ failed.
    Complete output:
     >
     > if (requireNamespace("tinytest", quietly=TRUE) &&
     + utils::packageVersion("tinytest") >= "1.0.0") {
     +
     + ## Set a seed to make the test deterministic
     + set.seed(42)
     +
     + ## there are several more granular ways to test files in a tinytest directory,
     + ## see its package vignette; tests can also run once the package is installed
     + ## using the same command `test_package(pkgName)`, or by director or file
     + tinytest::test_package("anytime", ncpu=getOption("Ncpus", 1), side_effects=TRUE)
     + }
     starting worker pid=16417 on localhost:11979 at 12:41:08.543
    
     Exited 'test_all_formats.R' at line 24. Skipping Solaris or Windows or Release
     Running test_all_formats.R............ 0 tests
    
     Running test_assertions.R............. 2 tests <1b>[0;32mOK<1b>[0m <1b>[0;93m1 side-effects<1b>[0m
    
     Exited 'test_bulk.R' at line 27. Skipping Solaris or Windows or Stupid
     Running test_bulk.R................... 0 tests <1b>[0;93m1 side-effects<1b>[0m
    
     Running test_calc_unique.R............ 4 tests <1b>[0;32mOK<1b>[0m
    
     Running test_gh_issue_100.R........... 2 tests <1b>[0;32mOK<1b>[0m <1b>[0;93m1 side-effects<1b>[0m
    
     Running test_gh_issue_12.R............ 2 tests <1b>[0;32mOK<1b>[0m
    
     Running test_gh_issue_33.R............ 2 tests <1b>[0;32mOK<1b>[0m
    
     Running test_gh_issue_56.R............ 7 tests <1b>[0;32mOK<1b>[0m
    
     Running test_simple.R................. 34 tests <1b>[0;31m10 fails<1b>[0m <1b>[0;93m1 side-effects<1b>[0m
    
     Running test_utilities.R.............. 2 tests <1b>[0;32mOK<1b>[0m <1b>[0;93m1 side-effects<1b>[0m
     Error: ----- FAILED[data]: test_simple.R<35--35>
     call| if (!isWindows) expect_equivalent(refT, anytime(20160101L + 0:2,
     call| oldHeuristic = TRUE))
     diff| Mean absolute difference: 3600
     ----- FAILED[data]: test_simple.R<39--39>
     call| if (!isWindows) expect_equivalent(refT, anytime(20160101 + 0:2,
     call| oldHeuristic = TRUE))
     diff| Mean absolute difference: 3600
     ----- FAILED[data]: test_simple.R<43--43>
     call| if (!isWindows) expect_equivalent(refT, anytime(as.factor(20160101 +
     call| 0:2)))
     diff| Mean absolute difference: 3600
     ----- FAILED[data]: test_simple.R<47--47>
     call| if (!isWindows) expect_equivalent(refT, anytime(as.ordered(20160101 +
     call| 0:2)))
     diff| Mean absolute difference: 3600
     ----- FAILED[data]: test_simple.R<51--51>
     call| if (!isWindows) expect_equivalent(refT, anytime(as.character(20160101 +
     call| 0:2)))
     diff| Mean absolute difference: 3600
     ----- FAILED[data]: test_simple.R<55--55>
     call| if (!isWindows) expect_equivalent(refT, anytime(c("20160101",
     Execution halted
Flavor: r-devel-linux-x86_64-fedora-clang

Version: 0.3.7
Check: tests
Result: ERROR
     Running ‘tinytest.R’
    Running the tests in ‘tests/tinytest.R’ failed.
    Complete output:
     >
     > if (requireNamespace("tinytest", quietly=TRUE) &&
     + utils::packageVersion("tinytest") >= "1.0.0") {
     +
     + ## Set a seed to make the test deterministic
     + set.seed(42)
     +
     + ## there are several more granular ways to test files in a tinytest directory,
     + ## see its package vignette; tests can also run once the package is installed
     + ## using the same command `test_package(pkgName)`, or by director or file
     + tinytest::test_package("anytime", ncpu=getOption("Ncpus", 1), side_effects=TRUE)
     + }
     starting worker pid=30124 on localhost:11767 at 15:12:00.201
    
     Exited 'test_all_formats.R' at line 24. Skipping Solaris or Windows or Release
     Running test_all_formats.R............ 0 tests
    
     Running test_assertions.R............. 2 tests <1b>[0;32mOK<1b>[0m <1b>[0;93m1 side-effects<1b>[0m
    
     Exited 'test_bulk.R' at line 27. Skipping Solaris or Windows or Stupid
     Running test_bulk.R................... 0 tests <1b>[0;93m1 side-effects<1b>[0m
    
     Running test_calc_unique.R............ 4 tests <1b>[0;32mOK<1b>[0m
    
     Running test_gh_issue_100.R........... 2 tests <1b>[0;32mOK<1b>[0m <1b>[0;93m1 side-effects<1b>[0m
    
     Running test_gh_issue_12.R............ 2 tests <1b>[0;32mOK<1b>[0m
    
     Running test_gh_issue_33.R............ 2 tests <1b>[0;32mOK<1b>[0m
    
     Running test_gh_issue_56.R............ 7 tests <1b>[0;32mOK<1b>[0m
    
     Running test_simple.R................. 34 tests <1b>[0;31m10 fails<1b>[0m <1b>[0;93m1 side-effects<1b>[0m
    
     Running test_utilities.R.............. 2 tests <1b>[0;32mOK<1b>[0m <1b>[0;93m1 side-effects<1b>[0m
     Error: ----- FAILED[data]: test_simple.R<35--35>
     call| if (!isWindows) expect_equivalent(refT, anytime(20160101L + 0:2,
     call| oldHeuristic = TRUE))
     diff| Mean absolute difference: 3600
     ----- FAILED[data]: test_simple.R<39--39>
     call| if (!isWindows) expect_equivalent(refT, anytime(20160101 + 0:2,
     call| oldHeuristic = TRUE))
     diff| Mean absolute difference: 3600
     ----- FAILED[data]: test_simple.R<43--43>
     call| if (!isWindows) expect_equivalent(refT, anytime(as.factor(20160101 +
     call| 0:2)))
     diff| Mean absolute difference: 3600
     ----- FAILED[data]: test_simple.R<47--47>
     call| if (!isWindows) expect_equivalent(refT, anytime(as.ordered(20160101 +
     call| 0:2)))
     diff| Mean absolute difference: 3600
     ----- FAILED[data]: test_simple.R<51--51>
     call| if (!isWindows) expect_equivalent(refT, anytime(as.character(20160101 +
     call| 0:2)))
     diff| Mean absolute difference: 3600
     ----- FAILED[data]: test_simple.R<55--55>
     call| if (!isWindows) expect_equivalent(refT, anytime(c("20160101",
     Execution halted
Flavor: r-devel-linux-x86_64-fedora-gcc