Last updated on 2020-01-27 00:47:56 CET.
Flavor | Version | Tinstall | Tcheck | Ttotal | Status | Flags |
---|---|---|---|---|---|---|
r-devel-linux-x86_64-debian-clang | 2019.7.3 | 20.85 | 307.11 | 327.96 | OK | |
r-devel-linux-x86_64-debian-gcc | 2019.7.3 | 18.17 | 227.66 | 245.83 | OK | |
r-devel-linux-x86_64-fedora-clang | 2019.7.3 | 376.83 | NOTE | |||
r-devel-linux-x86_64-fedora-gcc | 2019.7.3 | 367.55 | NOTE | |||
r-devel-windows-ix86+x86_64 | 2019.7.3 | 36.00 | 481.00 | 517.00 | OK | |
r-devel-windows-ix86+x86_64-gcc8 | 2019.7.3 | 50.00 | 463.00 | 513.00 | OK | |
r-patched-linux-x86_64 | 2019.7.3 | 18.92 | 274.14 | 293.06 | OK | |
r-patched-solaris-x86 | 2019.7.3 | 465.10 | NOTE | |||
r-release-linux-x86_64 | 2019.7.3 | 18.40 | 270.25 | 288.65 | OK | |
r-release-windows-ix86+x86_64 | 2019.7.3 | 28.00 | 297.00 | 325.00 | OK | |
r-release-osx-x86_64 | 2019.7.3 | NOTE | ||||
r-oldrel-windows-ix86+x86_64 | 2019.7.3 | 26.00 | 286.00 | 312.00 | OK | |
r-oldrel-osx-x86_64 | 2019.7.3 | NOTE |
Version: 2019.7.3
Check: dependencies in R code
Result: NOTE
Namespaces in Imports field not imported from:
‘lazyeval’ ‘tibble’
All declared Imports should be used.
Flavors: r-devel-linux-x86_64-fedora-clang, r-devel-linux-x86_64-fedora-gcc, r-patched-solaris-x86, r-release-osx-x86_64, r-oldrel-osx-x86_64
Version: 2019.7.3
Check: installed package size
Result: NOTE
installed size is 5.3Mb
sub-directories of 1Mb or more:
R 1.0Mb
data 2.9Mb
Flavor: r-patched-solaris-x86