CRAN Package Check Results for Package ampir

Last updated on 2020-01-27 00:47:56 CET.

Flavor Version Tinstall Tcheck Ttotal Status Flags
r-devel-linux-x86_64-debian-clang 0.1.0 35.26 118.66 153.92 OK
r-devel-linux-x86_64-debian-gcc 0.1.0 27.93 92.22 120.15 OK
r-devel-linux-x86_64-fedora-clang 0.1.0 189.98 NOTE
r-devel-linux-x86_64-fedora-gcc 0.1.0 181.41 NOTE
r-devel-windows-ix86+x86_64 0.1.0 108.00 268.00 376.00 OK
r-devel-windows-ix86+x86_64-gcc8 0.1.0 106.00 242.00 348.00 OK
r-patched-linux-x86_64 0.1.0 27.10 104.85 131.95 OK
r-patched-solaris-x86 0.1.0 254.90 NOTE
r-release-linux-x86_64 0.1.0 32.03 102.32 134.35 OK
r-release-windows-ix86+x86_64 0.1.0 64.00 150.00 214.00 OK
r-release-osx-x86_64 0.1.0 NOTE
r-oldrel-windows-ix86+x86_64 0.1.0 41.00 156.00 197.00 OK
r-oldrel-osx-x86_64 0.1.0 NOTE

Check Details

Version: 0.1.0
Check: dependencies in R code
Result: NOTE
    Namespace in Imports field not imported from: ‘kernlab’
     All declared Imports should be used.
Flavors: r-devel-linux-x86_64-fedora-clang, r-devel-linux-x86_64-fedora-gcc, r-patched-solaris-x86, r-release-osx-x86_64, r-oldrel-osx-x86_64