Last updated on 2020-01-27 00:47:56 CET.
Flavor | Version | Tinstall | Tcheck | Ttotal | Status | Flags |
---|---|---|---|---|---|---|
r-devel-linux-x86_64-debian-clang | 1.3 | 5.63 | 41.96 | 47.59 | OK | --no-vignettes |
r-devel-linux-x86_64-debian-gcc | 1.3 | 5.59 | 32.37 | 37.96 | OK | --no-vignettes |
r-devel-linux-x86_64-fedora-clang | 1.3 | 59.54 | OK | --no-vignettes | ||
r-devel-linux-x86_64-fedora-gcc | 1.3 | 58.08 | OK | --no-vignettes | ||
r-devel-windows-ix86+x86_64 | 1.3 | 17.00 | 69.00 | 86.00 | OK | --no-vignettes |
r-devel-windows-ix86+x86_64-gcc8 | 1.3 | 13.00 | 77.00 | 90.00 | OK | --no-vignettes |
r-patched-linux-x86_64 | 1.3 | 5.62 | 39.46 | 45.08 | OK | --no-vignettes |
r-patched-solaris-x86 | 1.3 | 75.60 | OK | --no-vignettes | ||
r-release-linux-x86_64 | 1.3 | 4.92 | 39.10 | 44.02 | OK | --no-vignettes |
r-release-windows-ix86+x86_64 | 1.3 | 8.00 | 113.00 | 121.00 | OK | --no-vignettes |
r-release-osx-x86_64 | 1.3 | FAIL | ||||
r-oldrel-windows-ix86+x86_64 | 1.3 | 7.00 | 67.00 | 74.00 | OK | --no-vignettes |
r-oldrel-osx-x86_64 | 1.3 | FAIL |
Version: 1.3
Check: re-building of vignette outputs
Result: WARN
Error(s) in re-building vignettes:
...
--- re-building ‘amen.Rnw’ using knitr
Loading required package: network
network: Classes for Relational Data
Version 1.15 created on 2019-04-01.
copyright (c) 2005, Carter T. Butts, University of California-Irvine
Mark S. Handcock, University of California -- Los Angeles
David R. Hunter, Penn State University
Martina Morris, University of Washington
Skye Bender-deMoll, University of Washington
For citation information, type citation("network").
Type help("network-package") to get started.
Execution halted
Flavor: r-release-osx-x86_64
Version: 1.3
Check: PDF version of manual
Result: FAIL
Flavors: r-release-osx-x86_64, r-oldrel-osx-x86_64
Version: 1.3
Check: re-building of vignette outputs
Result: WARN
Error in re-building vignettes:
...
Loading required package: network
network: Classes for Relational Data
Version 1.13.0.1 created on 2015-08-31.
copyright (c) 2005, Carter T. Butts, University of California-Irvine
Mark S. Handcock, University of California -- Los Angeles
David R. Hunter, Penn State University
Martina Morris, University of Washington
Skye Bender-deMoll, University of Washington
For citation information, type citation("network").
Type help("network-package") to get started.
Execution halted
Flavor: r-oldrel-osx-x86_64