CRAN Package Check Results for Package alphastable

Last updated on 2020-01-27 00:47:56 CET.

Flavor Version Tinstall Tcheck Ttotal Status Flags
r-devel-linux-x86_64-debian-clang 0.2.1 5.92 33.93 39.85 OK
r-devel-linux-x86_64-debian-gcc 0.2.1 5.05 26.47 31.52 NOTE
r-devel-linux-x86_64-fedora-clang 0.2.1 48.34 OK
r-devel-linux-x86_64-fedora-gcc 0.2.1 46.58 OK
r-devel-windows-ix86+x86_64 0.2.1 16.00 62.00 78.00 OK
r-devel-windows-ix86+x86_64-gcc8 0.2.1 17.00 61.00 78.00 OK
r-patched-linux-x86_64 0.2.1 5.01 31.44 36.45 OK
r-patched-solaris-x86 0.2.1 60.60 OK
r-release-linux-x86_64 0.2.1 4.67 30.97 35.64 OK
r-release-windows-ix86+x86_64 0.2.1 9.00 45.00 54.00 OK
r-release-osx-x86_64 0.2.1 OK
r-oldrel-windows-ix86+x86_64 0.2.1 6.00 63.00 69.00 OK
r-oldrel-osx-x86_64 0.2.1 OK

Check Details

Version: 0.2.1
Check: package dependencies
Result: NOTE
    Package suggested but not available for checking: ‘sfsmisc’
Flavor: r-devel-linux-x86_64-debian-gcc