CRAN Package Check Results for Package additiveDEA

Last updated on 2020-01-27 00:47:56 CET.

Flavor Version Tinstall Tcheck Ttotal Status Flags
r-devel-linux-x86_64-debian-clang 1.1 3.02 28.58 31.60 OK
r-devel-linux-x86_64-debian-gcc 1.1 2.03 21.94 23.97 OK
r-devel-linux-x86_64-fedora-clang 1.1 38.24 NOTE
r-devel-linux-x86_64-fedora-gcc 1.1 37.61 NOTE
r-devel-windows-ix86+x86_64 1.1 8.00 42.00 50.00 OK
r-devel-windows-ix86+x86_64-gcc8 1.1 5.00 46.00 51.00 OK
r-patched-linux-x86_64 1.1 2.56 25.68 28.24 OK
r-patched-solaris-x86 1.1 51.70 NOTE
r-release-linux-x86_64 1.1 2.18 25.73 27.91 OK
r-release-windows-ix86+x86_64 1.1 6.00 53.00 59.00 OK
r-release-osx-x86_64 1.1 NOTE
r-oldrel-windows-ix86+x86_64 1.1 5.00 50.00 55.00 OK
r-oldrel-osx-x86_64 1.1 NOTE

Check Details

Version: 1.1
Check: dependencies in R code
Result: NOTE
    Namespace in Imports field not imported from: ‘Benchmarking’
     All declared Imports should be used.
Flavors: r-devel-linux-x86_64-fedora-clang, r-devel-linux-x86_64-fedora-gcc, r-patched-solaris-x86, r-release-osx-x86_64, r-oldrel-osx-x86_64