CRAN Package Check Results for Package aMNLFA

Last updated on 2020-01-27 00:47:56 CET.

Flavor Version Tinstall Tcheck Ttotal Status Flags
r-devel-linux-x86_64-debian-clang 0.1 5.18 45.81 50.99 OK
r-devel-linux-x86_64-debian-gcc 0.1 4.33 35.29 39.62 OK
r-devel-linux-x86_64-fedora-clang 0.1 61.61 NOTE
r-devel-linux-x86_64-fedora-gcc 0.1 60.52 NOTE
r-devel-windows-ix86+x86_64 0.1 27.00 87.00 114.00 OK
r-devel-windows-ix86+x86_64-gcc8 0.1 29.00 68.00 97.00 OK
r-patched-linux-x86_64 0.1 3.98 41.29 45.27 OK
r-patched-solaris-x86 0.1 77.90 NOTE
r-release-linux-x86_64 0.1 3.76 41.61 45.37 OK
r-release-windows-ix86+x86_64 0.1 9.00 60.00 69.00 OK
r-release-osx-x86_64 0.1 NOTE
r-oldrel-windows-ix86+x86_64 0.1 8.00 53.00 61.00 OK
r-oldrel-osx-x86_64 0.1 NOTE

Check Details

Version: 0.1
Check: dependencies in R code
Result: NOTE
    Namespaces in Imports field not imported from:
     ‘devtools’ ‘gridExtra’
     All declared Imports should be used.
Flavors: r-devel-linux-x86_64-fedora-clang, r-devel-linux-x86_64-fedora-gcc, r-patched-solaris-x86, r-release-osx-x86_64, r-oldrel-osx-x86_64