CRAN Package Check Results for Package XKCDdata

Last updated on 2020-01-27 00:48:26 CET.

Flavor Version Tinstall Tcheck Ttotal Status Flags
r-devel-linux-x86_64-debian-clang 0.1.0 3.56 35.00 38.56 OK
r-devel-linux-x86_64-debian-gcc 0.1.0 3.16 27.37 30.53 OK
r-devel-linux-x86_64-fedora-clang 0.1.0 47.79 NOTE
r-devel-linux-x86_64-fedora-gcc 0.1.0 45.16 NOTE
r-devel-windows-ix86+x86_64 0.1.0 10.00 82.00 92.00 OK
r-devel-windows-ix86+x86_64-gcc8 0.1.0 19.00 55.00 74.00 OK
r-patched-linux-x86_64 0.1.0 3.28 31.64 34.92 OK
r-patched-solaris-x86 0.1.0 67.50 NOTE
r-release-linux-x86_64 0.1.0 2.99 31.72 34.71 OK
r-release-windows-ix86+x86_64 0.1.0 8.00 48.00 56.00 OK
r-release-osx-x86_64 0.1.0 NOTE
r-oldrel-windows-ix86+x86_64 0.1.0 5.00 49.00 54.00 OK
r-oldrel-osx-x86_64 0.1.0 NOTE

Check Details

Version: 0.1.0
Check: dependencies in R code
Result: NOTE
    Namespace in Imports field not imported from: ‘tibble’
     All declared Imports should be used.
Flavors: r-devel-linux-x86_64-fedora-clang, r-devel-linux-x86_64-fedora-gcc, r-patched-solaris-x86, r-release-osx-x86_64, r-oldrel-osx-x86_64