CRAN Package Check Results for Package Wrapped

Last updated on 2020-01-27 00:48:26 CET.

Flavor Version Tinstall Tcheck Ttotal Status Flags
r-devel-linux-x86_64-debian-clang 2.0 13.92 131.37 145.29 OK
r-devel-linux-x86_64-debian-gcc 2.0 13.22 103.57 116.79 OK
r-devel-linux-x86_64-fedora-clang 2.0 182.23 NOTE
r-devel-linux-x86_64-fedora-gcc 2.0 180.21 OK
r-devel-windows-ix86+x86_64 2.0 40.00 302.00 342.00 OK
r-devel-windows-ix86+x86_64-gcc8 2.0 45.00 241.00 286.00 OK
r-patched-linux-x86_64 2.0 11.84 118.06 129.90 OK
r-patched-solaris-x86 2.0 235.00 OK
r-release-linux-x86_64 2.0 11.52 116.18 127.70 OK
r-release-windows-ix86+x86_64 2.0 26.00 203.00 229.00 OK
r-release-osx-x86_64 2.0 OK
r-oldrel-windows-ix86+x86_64 2.0 13.00 201.00 214.00 OK
r-oldrel-osx-x86_64 2.0 OK

Check Details

Version: 2.0
Check: package dependencies
Result: NOTE
    Imports includes 22 non-default packages.
    Importing from so many packages makes the package vulnerable to any of
    them becoming unavailable. Move as many as possible to Suggests and
    use conditionally.
Flavor: r-devel-linux-x86_64-fedora-clang