CRAN Package Check Results for Package WeibullFit

Last updated on 2020-01-27 00:48:26 CET.

Flavor Version Tinstall Tcheck Ttotal Status Flags
r-devel-linux-x86_64-debian-clang 0.1.0 7.24 55.42 62.66 OK
r-devel-linux-x86_64-debian-gcc 0.1.0 5.27 40.67 45.94 OK
r-devel-linux-x86_64-fedora-clang 0.1.0 70.62 OK
r-devel-linux-x86_64-fedora-gcc 0.1.0 71.73 OK
r-devel-windows-ix86+x86_64 0.1.0 20.00 104.00 124.00 OK
r-devel-windows-ix86+x86_64-gcc8 0.1.0 24.00 75.00 99.00 OK
r-patched-linux-x86_64 0.1.0 5.54 48.70 54.24 OK
r-patched-solaris-x86 0.1.0 95.30 OK
r-release-linux-x86_64 0.1.0 5.33 46.46 51.79 OK
r-release-windows-ix86+x86_64 0.1.0 11.00 59.00 70.00 OK
r-release-osx-x86_64 0.1.0 OK
r-oldrel-osx-x86_64 0.1.0 ERROR

Check Details

Version: 0.1.0
Check: whether package can be installed
Result: ERROR
    Installation failed.
Flavor: r-oldrel-osx-x86_64