CRAN Package Check Results for Package Voss

Last updated on 2020-01-27 00:48:26 CET.

Flavor Version Tinstall Tcheck Ttotal Status Flags
r-devel-linux-x86_64-debian-clang 0.1-4 4.49 39.35 43.84 NOTE
r-devel-linux-x86_64-debian-gcc 0.1-4 3.66 31.10 34.76 NOTE
r-devel-linux-x86_64-fedora-clang 0.1-4 52.54 NOTE
r-devel-linux-x86_64-fedora-gcc 0.1-4 52.30 NOTE
r-devel-windows-ix86+x86_64 0.1-4 14.00 75.00 89.00 NOTE
r-devel-windows-ix86+x86_64-gcc8 0.1-4 17.00 74.00 91.00 NOTE
r-patched-linux-x86_64 0.1-4 3.90 34.91 38.81 NOTE
r-patched-solaris-x86 0.1-4 68.10 NOTE
r-release-linux-x86_64 0.1-4 3.28 35.09 38.37 NOTE
r-release-windows-ix86+x86_64 0.1-4 9.00 51.00 60.00 NOTE
r-release-osx-x86_64 0.1-4 NOTE
r-oldrel-windows-ix86+x86_64 0.1-4 5.00 85.00 90.00 NOTE
r-oldrel-osx-x86_64 0.1-4 NOTE

Check Details

Version: 0.1-4
Check: DESCRIPTION meta-information
Result: NOTE
    Malformed Description field: should contain one or more complete sentences.
Flavors: r-devel-linux-x86_64-debian-clang, r-devel-linux-x86_64-debian-gcc, r-devel-linux-x86_64-fedora-clang, r-devel-linux-x86_64-fedora-gcc, r-devel-windows-ix86+x86_64, r-devel-windows-ix86+x86_64-gcc8, r-patched-linux-x86_64, r-patched-solaris-x86, r-release-linux-x86_64, r-release-windows-ix86+x86_64, r-release-osx-x86_64, r-oldrel-windows-ix86+x86_64, r-oldrel-osx-x86_64

Version: 0.1-4
Check: R code for possible problems
Result: NOTE
    voss1d: no visible global function definition for 'approx'
    voss1d: no visible global function definition for 'rnorm'
    voss1g: no visible global function definition for 'dchisq'
    voss1g: no visible global function definition for 'approx'
    voss1g: no visible global function definition for 'rnorm'
    voss2d: no visible global function definition for 'rnorm'
    voss2g: no visible global function definition for 'dchisq'
    voss2g: no visible global function definition for 'rnorm'
    Undefined global functions or variables:
     approx dchisq rnorm
    Consider adding
     importFrom("stats", "approx", "dchisq", "rnorm")
    to your NAMESPACE file.
Flavors: r-devel-linux-x86_64-debian-clang, r-devel-linux-x86_64-debian-gcc, r-devel-linux-x86_64-fedora-clang, r-devel-linux-x86_64-fedora-gcc, r-devel-windows-ix86+x86_64, r-devel-windows-ix86+x86_64-gcc8, r-patched-linux-x86_64, r-patched-solaris-x86, r-release-linux-x86_64, r-release-windows-ix86+x86_64, r-release-osx-x86_64, r-oldrel-windows-ix86+x86_64, r-oldrel-osx-x86_64