CRAN Package Check Results for Package VarSwapPrice

Last updated on 2020-01-27 00:48:26 CET.

Flavor Version Tinstall Tcheck Ttotal Status Flags
r-devel-linux-x86_64-debian-clang 1.0 2.12 17.67 19.79 NOTE
r-devel-linux-x86_64-debian-gcc 1.0 1.56 14.23 15.79 NOTE
r-devel-linux-x86_64-fedora-clang 1.0 25.10 NOTE
r-devel-linux-x86_64-fedora-gcc 1.0 24.16 NOTE
r-devel-windows-ix86+x86_64 1.0 7.00 28.00 35.00 NOTE
r-devel-windows-ix86+x86_64-gcc8 1.0 4.00 31.00 35.00 NOTE
r-patched-linux-x86_64 1.0 1.41 16.43 17.84 NOTE
r-patched-solaris-x86 1.0 35.30 NOTE
r-release-linux-x86_64 1.0 1.69 16.46 18.15 NOTE
r-release-windows-ix86+x86_64 1.0 4.00 35.00 39.00 NOTE
r-release-osx-x86_64 1.0 NOTE
r-oldrel-windows-ix86+x86_64 1.0 2.00 24.00 26.00 NOTE
r-oldrel-osx-x86_64 1.0 NOTE

Check Details

Version: 1.0
Check: R code for possible problems
Result: NOTE
    black_scholes: no visible global function definition for 'pnorm'
    Undefined global functions or variables:
     pnorm
    Consider adding
     importFrom("stats", "pnorm")
    to your NAMESPACE file.
Flavors: r-devel-linux-x86_64-debian-clang, r-devel-linux-x86_64-debian-gcc, r-devel-linux-x86_64-fedora-clang, r-devel-linux-x86_64-fedora-gcc, r-devel-windows-ix86+x86_64, r-devel-windows-ix86+x86_64-gcc8, r-patched-linux-x86_64, r-patched-solaris-x86, r-release-linux-x86_64, r-release-windows-ix86+x86_64, r-release-osx-x86_64, r-oldrel-windows-ix86+x86_64, r-oldrel-osx-x86_64