Last updated on 2020-01-27 00:48:26 CET.
Flavor | Version | Tinstall | Tcheck | Ttotal | Status | Flags |
---|---|---|---|---|---|---|
r-devel-linux-x86_64-debian-clang | 1.1-2 | 110.90 | 595.00 | 705.90 | OK | |
r-devel-linux-x86_64-debian-gcc | 1.1-2 | 76.83 | 437.71 | 514.54 | OK | |
r-devel-linux-x86_64-fedora-clang | 1.1-2 | 830.89 | NOTE | |||
r-devel-linux-x86_64-fedora-gcc | 1.1-2 | 809.49 | OK | |||
r-devel-windows-ix86+x86_64 | 1.1-2 | 228.00 | 1101.00 | 1329.00 | NOTE | |
r-devel-windows-ix86+x86_64-gcc8 | 1.1-2 | 221.00 | 1096.00 | 1317.00 | NOTE | |
r-patched-linux-x86_64 | 1.1-2 | 89.26 | 536.94 | 626.20 | OK | |
r-patched-solaris-x86 | 1.1-2 | 903.70 | NOTE | |||
r-release-linux-x86_64 | 1.1-2 | 87.04 | 532.99 | 620.03 | OK | |
r-release-windows-ix86+x86_64 | 1.1-2 | 151.00 | 763.00 | 914.00 | NOTE | |
r-release-osx-x86_64 | 1.1-2 | NOTE | ||||
r-oldrel-windows-ix86+x86_64 | 1.1-2 | 174.00 | 793.00 | 967.00 | NOTE | |
r-oldrel-osx-x86_64 | 1.1-2 | NOTE |
Version: 1.1-2
Check: installed package size
Result: NOTE
installed size is 9.5Mb
sub-directories of 1Mb or more:
R 3.9Mb
doc 1.2Mb
help 2.9Mb
Flavors: r-devel-linux-x86_64-fedora-clang, r-devel-windows-ix86+x86_64, r-devel-windows-ix86+x86_64-gcc8, r-patched-solaris-x86, r-release-windows-ix86+x86_64, r-release-osx-x86_64, r-oldrel-windows-ix86+x86_64, r-oldrel-osx-x86_64