CRAN Package Check Results for Package UniprotR

Last updated on 2020-01-27 00:48:26 CET.

Flavor Version Tinstall Tcheck Ttotal Status Flags
r-devel-linux-x86_64-debian-clang 1.2.3 14.40 157.62 172.02 OK
r-devel-linux-x86_64-debian-gcc 1.2.3 12.76 121.27 134.03 OK
r-devel-linux-x86_64-fedora-clang 1.2.3 193.17 OK
r-devel-linux-x86_64-fedora-gcc 1.2.3 202.65 OK
r-devel-windows-ix86+x86_64 1.2.3 8.00 7.00 15.00 ERROR
r-devel-windows-ix86+x86_64-gcc8 1.2.2 51.00 132.00 183.00 OK
r-patched-linux-x86_64 1.2.3 12.24 142.44 154.68 OK
r-patched-solaris-x86 1.2.3 258.40 OK
r-release-linux-x86_64 1.2.3 12.36 142.38 154.74 OK
r-release-windows-ix86+x86_64 1.2.3 28.00 335.00 363.00 WARN
r-release-osx-x86_64 1.2.3 OK
r-oldrel-windows-ix86+x86_64 1.2.3 43.00 340.00 383.00 WARN
r-oldrel-osx-x86_64 1.2.3 OK

Check Details

Version: 1.2.3
Check: whether package can be installed
Result: ERROR
    Installation failed.
Flavor: r-devel-windows-ix86+x86_64

Version: 1.2.3
Check: re-building of vignette outputs
Result: WARN
    Error(s) in re-building vignettes:
    --- re-building 'UniprotR.Rmd' using rmarkdown
    Quitting from lines 47-48 (UniprotR.Rmd)
    Error: processing vignette 'UniprotR.Rmd' failed with diagnostics:
    transfer closed with outstanding read data remaining
    --- failed re-building 'UniprotR.Rmd'
    
    SUMMARY: processing the following file failed:
     'UniprotR.Rmd'
    
    Error: Vignette re-building failed.
    Execution halted
Flavor: r-release-windows-ix86+x86_64

Version: 1.2.3
Check: re-building of vignette outputs
Result: WARN
    Error in re-building vignettes:
     ...
    Quitting from lines 26-29 (UniprotR.Rmd)
    Error: processing vignette 'UniprotR.Rmd' failed with diagnostics:
    first argument must be a vector
    Execution halted
Flavor: r-oldrel-windows-ix86+x86_64