CRAN Package Check Results for Package TreeLS

Last updated on 2020-01-27 00:48:25 CET.

Flavor Version Tinstall Tcheck Ttotal Status Flags
r-devel-linux-x86_64-debian-clang 1.0 61.58 129.75 191.33 OK
r-devel-linux-x86_64-debian-gcc 1.0 45.92 98.52 144.44 OK
r-devel-linux-x86_64-fedora-clang 1.0 236.43 NOTE
r-devel-linux-x86_64-fedora-gcc 1.0 241.36 OK
r-devel-windows-ix86+x86_64 1.0 167.00 240.00 407.00 OK
r-devel-windows-ix86+x86_64-gcc8 1.0 175.00 181.00 356.00 OK
r-patched-linux-x86_64 1.0 52.56 111.43 163.99 OK
r-patched-solaris-x86 1.0 241.90 OK
r-release-linux-x86_64 1.0 54.41 111.38 165.79 OK
r-release-windows-ix86+x86_64 1.0 107.00 152.00 259.00 OK
r-release-osx-x86_64 1.0 WARN
r-oldrel-windows-ix86+x86_64 1.0 103.00 151.00 254.00 OK
r-oldrel-osx-x86_64 1.0 NOTE

Additional issues

valgrind

Check Details

Version: 1.0
Check: installed package size
Result: NOTE
     installed size is 13.6Mb
     sub-directories of 1Mb or more:
     extdata 1.4Mb
     libs 12.0Mb
Flavors: r-devel-linux-x86_64-fedora-clang, r-release-osx-x86_64, r-oldrel-osx-x86_64

Version: 1.0
Check: whether package can be installed
Result: WARN
    Found the following significant warnings:
     Warning: 'rgl_init' failed, running with rgl.useNULL = TRUE
Flavor: r-release-osx-x86_64