Last updated on 2020-01-27 00:48:25 CET.
Flavor | Version | Tinstall | Tcheck | Ttotal | Status | Flags |
---|---|---|---|---|---|---|
r-devel-linux-x86_64-debian-clang | 1.0 | 1.89 | 24.60 | 26.49 | NOTE | |
r-devel-linux-x86_64-debian-gcc | 1.0 | 1.82 | 18.69 | 20.51 | NOTE | |
r-devel-linux-x86_64-fedora-clang | 1.0 | 32.50 | NOTE | |||
r-devel-linux-x86_64-fedora-gcc | 1.0 | 31.60 | NOTE | |||
r-devel-windows-ix86+x86_64 | 1.0 | 9.00 | 43.00 | 52.00 | NOTE | |
r-devel-windows-ix86+x86_64-gcc8 | 1.0 | 5.00 | 45.00 | 50.00 | NOTE | |
r-patched-linux-x86_64 | 1.0 | 1.51 | 22.09 | 23.60 | NOTE | |
r-patched-solaris-x86 | 1.0 | 44.00 | NOTE | |||
r-release-linux-x86_64 | 1.0 | 1.82 | 21.83 | 23.65 | NOTE | |
r-release-windows-ix86+x86_64 | 1.0 | 9.00 | 38.00 | 47.00 | NOTE | |
r-release-osx-x86_64 | 1.0 | NOTE | ||||
r-oldrel-windows-ix86+x86_64 | 1.0 | 2.00 | 49.00 | 51.00 | NOTE | |
r-oldrel-osx-x86_64 | 1.0 | NOTE |
Version: 1.0
Check: R code for possible problems
Result: NOTE
TT.GS : TT.GS.sp: no visible global function definition for 'qt'
TT.GS : TT.GS.sp: no visible global function definition for 'runif'
TT.GS : TT.GS.sp: no visible global function definition for 'pt'
TT.moment: no visible global function definition for 'dt'
TT.moment: no visible global function definition for 'pt'
Undefined global functions or variables:
dt pt qt runif
Consider adding
importFrom("stats", "dt", "pt", "qt", "runif")
to your NAMESPACE file.
Flavors: r-devel-linux-x86_64-debian-clang, r-devel-linux-x86_64-debian-gcc, r-devel-linux-x86_64-fedora-clang, r-devel-linux-x86_64-fedora-gcc, r-devel-windows-ix86+x86_64, r-devel-windows-ix86+x86_64-gcc8, r-patched-linux-x86_64, r-patched-solaris-x86, r-release-linux-x86_64, r-release-windows-ix86+x86_64, r-release-osx-x86_64, r-oldrel-windows-ix86+x86_64, r-oldrel-osx-x86_64