CRAN Package Check Results for Package TSTr

Last updated on 2020-01-27 00:48:25 CET.

Flavor Version Tinstall Tcheck Ttotal Status Flags
r-devel-linux-x86_64-debian-clang 1.2 3.34 35.89 39.23 NOTE
r-devel-linux-x86_64-debian-gcc 1.2 2.79 26.78 29.57 NOTE
r-devel-linux-x86_64-fedora-clang 1.2 47.63 NOTE
r-devel-linux-x86_64-fedora-gcc 1.2 45.01 NOTE
r-devel-windows-ix86+x86_64 1.2 12.00 62.00 74.00 OK
r-devel-windows-ix86+x86_64-gcc8 1.2 10.00 60.00 70.00 OK
r-patched-linux-x86_64 1.2 2.75 31.65 34.40 OK
r-patched-solaris-x86 1.2 63.60 OK
r-release-linux-x86_64 1.2 2.59 32.05 34.64 OK
r-release-windows-ix86+x86_64 1.2 5.00 41.00 46.00 OK
r-release-osx-x86_64 1.2 OK
r-oldrel-windows-ix86+x86_64 1.2 5.00 42.00 47.00 OK
r-oldrel-osx-x86_64 1.2 OK

Check Details

Version: 1.2
Check: for non-standard things in the check directory
Result: NOTE
    Found the following files/directories:
     'XMIwords.txt'
Flavors: r-devel-linux-x86_64-debian-clang, r-devel-linux-x86_64-debian-gcc, r-devel-linux-x86_64-fedora-clang, r-devel-linux-x86_64-fedora-gcc