Last updated on 2020-01-27 00:48:25 CET.
Flavor | Version | Tinstall | Tcheck | Ttotal | Status | Flags |
---|---|---|---|---|---|---|
r-devel-linux-x86_64-debian-clang | 1.1-7 | 4.34 | 44.65 | 48.99 | OK | |
r-devel-linux-x86_64-debian-gcc | 1.1-8 | 3.22 | 33.86 | 37.08 | OK | |
r-devel-linux-x86_64-fedora-clang | 1.1-8 | 59.00 | WARN | |||
r-devel-linux-x86_64-fedora-gcc | 1.1-8 | 60.23 | OK | |||
r-devel-windows-ix86+x86_64 | 1.1-8 | 2.00 | 7.00 | 9.00 | ERROR | |
r-devel-windows-ix86+x86_64-gcc8 | 1.1-7 | 18.00 | 84.00 | 102.00 | OK | |
r-patched-linux-x86_64 | 1.1-8 | 3.66 | 39.29 | 42.95 | OK | |
r-patched-solaris-x86 | 1.1-8 | 77.60 | OK | |||
r-release-linux-x86_64 | 1.1-8 | 3.47 | 39.41 | 42.88 | OK | |
r-release-windows-ix86+x86_64 | 1.1-8 | 11.00 | 70.00 | 81.00 | OK | |
r-release-osx-x86_64 | 1.1-7 | OK | ||||
r-oldrel-windows-ix86+x86_64 | 1.1-8 | 21.00 | 156.00 | 177.00 | OK | |
r-oldrel-osx-x86_64 | 1.1-7 | OK |
Version: 1.1-8
Check: data for non-ASCII characters
Result: WARN
Error loading dataset 'USCA312_basemap':
Error in .requirePackage(package) : unable to find required package 'sp'
Error loading dataset 'USCA312_coords':
Error in .requirePackage(package) : unable to find required package 'sp'
The dataset(s) may use package(s) not declared in Depends/Imports.
Flavor: r-devel-linux-x86_64-fedora-clang
Version: 1.1-8
Check: whether package can be installed
Result: ERROR
Installation failed.
Flavor: r-devel-windows-ix86+x86_64