CRAN Package Check Results for Package TFX

Last updated on 2020-01-27 00:48:25 CET.

Flavor Version Tinstall Tcheck Ttotal Status Flags
r-devel-linux-x86_64-debian-clang 0.1.0 2.81 25.99 28.80 NOTE
r-devel-linux-x86_64-debian-gcc 0.1.0 2.09 20.65 22.74 NOTE
r-devel-linux-x86_64-fedora-clang 0.1.0 35.69 NOTE
r-devel-linux-x86_64-fedora-gcc 0.1.0 35.30 NOTE
r-devel-windows-ix86+x86_64 0.1.0 9.00 51.00 60.00 NOTE
r-devel-windows-ix86+x86_64-gcc8 0.1.0 6.00 44.00 50.00 NOTE
r-patched-linux-x86_64 0.1.0 2.40 23.92 26.32 NOTE
r-patched-solaris-x86 0.1.0 53.40 NOTE
r-release-linux-x86_64 0.1.0 1.92 23.92 25.84 NOTE
r-release-windows-ix86+x86_64 0.1.0 5.00 35.00 40.00 NOTE
r-release-osx-x86_64 0.1.0 NOTE
r-oldrel-windows-ix86+x86_64 0.1.0 3.00 33.00 36.00 NOTE
r-oldrel-osx-x86_64 0.1.0 NOTE

Check Details

Version: 0.1.0
Check: R code for possible problems
Result: NOTE
    ParseTrueFX: no visible global function definition for 'read.csv'
    TrueFXRef: no visible global function definition for 'download.file'
    TrueFXRef: no visible global function definition for 'browseURL'
    Undefined global functions or variables:
     browseURL download.file read.csv
    Consider adding
     importFrom("utils", "browseURL", "download.file", "read.csv")
    to your NAMESPACE file.
Flavors: r-devel-linux-x86_64-debian-clang, r-devel-linux-x86_64-debian-gcc, r-devel-linux-x86_64-fedora-clang, r-devel-linux-x86_64-fedora-gcc, r-devel-windows-ix86+x86_64, r-devel-windows-ix86+x86_64-gcc8, r-patched-linux-x86_64, r-patched-solaris-x86, r-release-linux-x86_64, r-release-windows-ix86+x86_64, r-release-osx-x86_64, r-oldrel-windows-ix86+x86_64, r-oldrel-osx-x86_64