CRAN Package Check Results for Package TDMR

Last updated on 2020-01-27 00:48:25 CET.

Flavor Version Tinstall Tcheck Ttotal Status Flags
r-devel-linux-x86_64-debian-clang 2.1 19.98 132.00 151.98 NOTE
r-devel-linux-x86_64-debian-gcc 2.1 16.95 101.22 118.17 NOTE
r-devel-linux-x86_64-fedora-clang 2.1 186.14 NOTE
r-devel-linux-x86_64-fedora-gcc 2.1 180.71 NOTE
r-devel-windows-ix86+x86_64 2.1 54.00 210.00 264.00 OK
r-devel-windows-ix86+x86_64-gcc8 2.1 67.00 195.00 262.00 OK
r-patched-linux-x86_64 2.1 19.56 119.28 138.84 OK
r-patched-solaris-x86 2.1 251.20 OK
r-release-linux-x86_64 2.1 17.61 119.26 136.87 OK
r-release-windows-ix86+x86_64 2.1 30.00 123.00 153.00 OK
r-release-osx-x86_64 2.1 OK
r-oldrel-windows-ix86+x86_64 2.1 24.00 159.00 183.00 OK
r-oldrel-osx-x86_64 2.1 OK

Check Details

Version: 2.1
Check: for non-standard things in the check directory
Result: NOTE
    Found the following files/directories:
     'Output' 'exBigLoop.RData'
Flavors: r-devel-linux-x86_64-debian-clang, r-devel-linux-x86_64-debian-gcc, r-devel-linux-x86_64-fedora-clang, r-devel-linux-x86_64-fedora-gcc