CRAN Package Check Results for Package TAM

Last updated on 2020-01-27 00:48:24 CET.

Flavor Version Tinstall Tcheck Ttotal Status Flags
r-devel-linux-x86_64-debian-clang 3.3-10 218.44 174.46 392.90 OK
r-devel-linux-x86_64-debian-gcc 3.3-10 136.54 130.74 267.28 NOTE
r-devel-linux-x86_64-fedora-clang 3.3-10 494.22 NOTE
r-devel-linux-x86_64-fedora-gcc 3.3-10 455.34 OK
r-devel-windows-ix86+x86_64 3.3-10 466.00 278.00 744.00 OK
r-devel-windows-ix86+x86_64-gcc8 3.3-10 497.00 227.00 724.00 OK
r-patched-linux-x86_64 3.3-10 147.87 155.15 303.02 OK
r-patched-solaris-x86 3.3-10 432.00 OK
r-release-linux-x86_64 3.3-10 153.46 154.52 307.98 OK
r-release-windows-ix86+x86_64 3.3-10 336.00 189.00 525.00 OK
r-release-osx-x86_64 3.3-10 NOTE
r-oldrel-windows-ix86+x86_64 3.3-10 277.00 168.00 445.00 OK
r-oldrel-osx-x86_64 3.3-10 NOTE

Check Details

Version: 3.3-10
Check: package dependencies
Result: NOTE
    Package suggested but not available for checking: ‘sfsmisc’
Flavor: r-devel-linux-x86_64-debian-gcc

Version: 3.3-10
Check: installed package size
Result: NOTE
     installed size is 7.0Mb
     sub-directories of 1Mb or more:
     R 1.3Mb
     libs 4.8Mb
Flavors: r-devel-linux-x86_64-fedora-clang, r-release-osx-x86_64, r-oldrel-osx-x86_64