CRAN Package Check Results for Package Synth

Last updated on 2020-01-27 00:48:24 CET.

Flavor Version Tinstall Tcheck Ttotal Status Flags
r-devel-linux-x86_64-debian-clang 1.1-5 5.18 42.49 47.67 NOTE
r-devel-linux-x86_64-debian-gcc 1.1-5 4.14 33.35 37.49 NOTE
r-devel-linux-x86_64-fedora-clang 1.1-5 58.07 NOTE
r-devel-linux-x86_64-fedora-gcc 1.1-5 56.53 NOTE
r-devel-windows-ix86+x86_64 1.1-5 15.00 76.00 91.00 NOTE
r-devel-windows-ix86+x86_64-gcc8 1.1-5 14.00 57.00 71.00 NOTE
r-patched-linux-x86_64 1.1-5 4.88 37.34 42.22 NOTE
r-patched-solaris-x86 1.1-5 76.60 NOTE
r-release-linux-x86_64 1.1-5 5.30 36.89 42.19 NOTE
r-release-windows-ix86+x86_64 1.1-5 8.00 51.00 59.00 NOTE
r-release-osx-x86_64 1.1-5 NOTE
r-oldrel-windows-ix86+x86_64 1.1-5 6.00 47.00 53.00 NOTE
r-oldrel-osx-x86_64 1.1-5 NOTE

Check Details

Version: 1.1-5
Check: dependencies in R code
Result: NOTE
    'library' or 'require' calls in package code:
     'LowRankQP' 'rgenoud'
     Please use :: or requireNamespace() instead.
     See section 'Suggested packages' in the 'Writing R Extensions' manual.
Flavors: r-devel-linux-x86_64-debian-clang, r-devel-linux-x86_64-debian-gcc, r-devel-linux-x86_64-fedora-clang, r-devel-linux-x86_64-fedora-gcc, r-devel-windows-ix86+x86_64, r-devel-windows-ix86+x86_64-gcc8, r-patched-linux-x86_64, r-patched-solaris-x86, r-release-linux-x86_64, r-release-windows-ix86+x86_64, r-release-osx-x86_64, r-oldrel-windows-ix86+x86_64, r-oldrel-osx-x86_64

Version: 1.1-5
Check: R code for possible problems
Result: NOTE
    fn.V: no visible global function definition for 'LowRankQP'
    gaps.plot: no visible global function definition for 'abline'
    path.plot: no visible global function definition for 'lines'
    path.plot: no visible global function definition for 'abline'
    path.plot: no visible global function definition for 'legend'
    synth: no visible binding for global variable 'sd'
    synth: no visible binding for global variable 'var'
    synth: no visible global function definition for 'LowRankQP'
    Undefined global functions or variables:
     LowRankQP abline legend lines sd var
    Consider adding
     importFrom("graphics", "abline", "legend", "lines")
     importFrom("stats", "sd", "var")
    to your NAMESPACE file.
Flavors: r-devel-linux-x86_64-debian-clang, r-devel-linux-x86_64-debian-gcc, r-devel-linux-x86_64-fedora-clang, r-devel-linux-x86_64-fedora-gcc, r-devel-windows-ix86+x86_64, r-devel-windows-ix86+x86_64-gcc8, r-patched-linux-x86_64, r-patched-solaris-x86, r-release-linux-x86_64, r-release-windows-ix86+x86_64, r-release-osx-x86_64, r-oldrel-windows-ix86+x86_64, r-oldrel-osx-x86_64