CRAN Package Check Results for Package SubgrPlots

Last updated on 2020-01-27 00:48:24 CET.

Flavor Version Tinstall Tcheck Ttotal Status Flags
r-devel-linux-x86_64-debian-clang 0.1.2 31.91 279.32 311.23 OK
r-devel-linux-x86_64-debian-gcc 0.1.2 24.78 203.94 228.72 OK
r-devel-linux-x86_64-fedora-clang 0.1.2 366.14 WARN
r-devel-linux-x86_64-fedora-gcc 0.1.2 360.45 NOTE
r-devel-windows-ix86+x86_64 0.1.2 69.00 351.00 420.00 OK
r-devel-windows-ix86+x86_64-gcc8 0.1.2 70.00 337.00 407.00 OK
r-patched-linux-x86_64 0.1.2 26.43 244.62 271.05 OK
r-patched-solaris-x86 0.1.2 343.10 NOTE
r-release-linux-x86_64 0.1.2 26.92 245.30 272.22 OK
r-release-windows-ix86+x86_64 0.1.2 33.00 220.00 253.00 OK
r-release-osx-x86_64 0.1.2 NOTE
r-oldrel-windows-ix86+x86_64 0.1.2 31.00 215.00 246.00 OK
r-oldrel-osx-x86_64 0.1.2 NOTE

Check Details

Version: 0.1.2
Check: package dependencies
Result: WARN
    Requires orphaned package: ‘geoR’
Flavor: r-devel-linux-x86_64-fedora-clang

Version: 0.1.2
Check: dependencies in R code
Result: NOTE
    Namespaces in Imports field not imported from:
     ‘UpSetR’ ‘alluvial’ ‘geoR’ ‘gridBase’
     All declared Imports should be used.
Flavors: r-devel-linux-x86_64-fedora-clang, r-devel-linux-x86_64-fedora-gcc, r-patched-solaris-x86, r-release-osx-x86_64, r-oldrel-osx-x86_64