Last updated on 2020-01-27 00:48:24 CET.
Flavor | Version | Tinstall | Tcheck | Ttotal | Status | Flags |
---|---|---|---|---|---|---|
r-devel-linux-x86_64-debian-clang | 1.2 | 3.45 | 21.46 | 24.91 | NOTE | |
r-devel-linux-x86_64-debian-gcc | 1.2 | 2.51 | 17.34 | 19.85 | NOTE | |
r-devel-linux-x86_64-fedora-clang | 1.2 | 30.73 | NOTE | |||
r-devel-linux-x86_64-fedora-gcc | 1.2 | 30.18 | NOTE | |||
r-devel-windows-ix86+x86_64 | 1.2 | 13.00 | 50.00 | 63.00 | NOTE | |
r-devel-windows-ix86+x86_64-gcc8 | 1.2 | 14.00 | 46.00 | 60.00 | NOTE | |
r-patched-linux-x86_64 | 1.2 | 2.11 | 19.50 | 21.61 | NOTE | |
r-patched-solaris-x86 | 1.2 | 46.60 | NOTE | |||
r-release-linux-x86_64 | 1.2 | 1.82 | 19.41 | 21.23 | NOTE | |
r-release-windows-ix86+x86_64 | 1.2 | 5.00 | 31.00 | 36.00 | NOTE | |
r-release-osx-x86_64 | 1.2 | NOTE | ||||
r-oldrel-windows-ix86+x86_64 | 1.2 | 4.00 | 36.00 | 40.00 | NOTE | |
r-oldrel-osx-x86_64 | 1.2 | NOTE |
Version: 1.2
Check: DESCRIPTION meta-information
Result: NOTE
Malformed Title field: should not end in a period.
Flavors: r-devel-linux-x86_64-debian-clang, r-devel-linux-x86_64-debian-gcc, r-devel-linux-x86_64-fedora-clang, r-devel-linux-x86_64-fedora-gcc, r-devel-windows-ix86+x86_64, r-devel-windows-ix86+x86_64-gcc8, r-patched-linux-x86_64, r-patched-solaris-x86, r-release-linux-x86_64, r-release-windows-ix86+x86_64, r-release-osx-x86_64, r-oldrel-windows-ix86+x86_64, r-oldrel-osx-x86_64