CRAN Package Check Results for Package StereoMorph

Last updated on 2020-01-27 00:48:24 CET.

Flavor Version Tinstall Tcheck Ttotal Status Flags
r-devel-linux-x86_64-debian-clang 1.6.3 100.09 84.90 184.99 OK
r-devel-linux-x86_64-debian-gcc 1.6.3 57.85 64.92 122.77 OK
r-devel-linux-x86_64-fedora-clang 1.6.3 241.98 OK
r-devel-linux-x86_64-fedora-gcc 1.6.3 216.99 OK
r-devel-windows-ix86+x86_64 1.6.3 180.00 192.00 372.00 OK
r-devel-windows-ix86+x86_64-gcc8 1.6.3 243.00 141.00 384.00 OK
r-patched-linux-x86_64 1.6.3 69.57 75.19 144.76 OK
r-patched-solaris-x86 1.6.3 228.20 OK
r-release-linux-x86_64 1.6.3 70.04 76.05 146.09 OK
r-release-windows-ix86+x86_64 1.6.3 167.00 121.00 288.00 OK
r-release-osx-x86_64 1.6.3 OK
r-oldrel-windows-ix86+x86_64 1.6.3 19.00 5.00 24.00 ERROR
r-oldrel-osx-x86_64 1.6.3 OK

Check Details

Version: 1.6.3
Check: whether package can be installed
Result: ERROR
    Installation failed.
Flavor: r-oldrel-windows-ix86+x86_64