Last updated on 2020-01-27 00:48:24 CET.
Flavor | Version | Tinstall | Tcheck | Ttotal | Status | Flags |
---|---|---|---|---|---|---|
r-devel-linux-x86_64-debian-clang | 1.0 | 29.37 | 22.53 | 51.90 | OK | |
r-devel-linux-x86_64-debian-gcc | 1.0 | 20.74 | 18.23 | 38.97 | OK | |
r-devel-linux-x86_64-fedora-clang | 1.0 | 69.82 | NOTE | |||
r-devel-linux-x86_64-fedora-gcc | 1.0 | 69.26 | NOTE | |||
r-devel-windows-ix86+x86_64 | 1.0 | 76.00 | 90.00 | 166.00 | OK | |
r-devel-windows-ix86+x86_64-gcc8 | 1.0 | 80.00 | 62.00 | 142.00 | OK | |
r-patched-linux-x86_64 | 1.0 | 21.79 | 20.93 | 42.72 | OK | |
r-patched-solaris-x86 | 1.0 | 79.20 | OK | |||
r-release-linux-x86_64 | 1.0 | 22.12 | 20.72 | 42.84 | OK | |
r-release-windows-ix86+x86_64 | 1.0 | 49.00 | 54.00 | 103.00 | OK | |
r-release-osx-x86_64 | 1.0 | OK | ||||
r-oldrel-windows-ix86+x86_64 | 1.0 | 47.00 | 51.00 | 98.00 | OK | |
r-oldrel-osx-x86_64 | 1.0 | OK |
Version: 1.0
Check: compiled code
Result: NOTE
File ‘StepwiseTest/libs/StepwiseTest.so’:
Found no calls to: ‘R_registerRoutines’, ‘R_useDynamicSymbols’
It is good practice to register native routines and to disable symbol
search.
See ‘Writing portable packages’ in the ‘Writing R Extensions’ manual.
Flavors: r-devel-linux-x86_64-fedora-clang, r-devel-linux-x86_64-fedora-gcc