Last updated on 2020-01-27 00:48:23 CET.
Flavor | Version | Tinstall | Tcheck | Ttotal | Status | Flags |
---|---|---|---|---|---|---|
r-devel-linux-x86_64-debian-clang | 0.3 | 2.30 | 20.57 | 22.87 | NOTE | |
r-devel-linux-x86_64-debian-gcc | 0.3 | 1.97 | 16.53 | 18.50 | NOTE | |
r-devel-linux-x86_64-fedora-clang | 0.3 | 29.89 | NOTE | |||
r-devel-linux-x86_64-fedora-gcc | 0.3 | 29.15 | NOTE | |||
r-devel-windows-ix86+x86_64 | 0.3 | 18.00 | 46.00 | 64.00 | OK | |
r-devel-windows-ix86+x86_64-gcc8 | 0.3 | 15.00 | 50.00 | 65.00 | OK | |
r-patched-linux-x86_64 | 0.3 | 1.90 | 19.28 | 21.18 | NOTE | |
r-patched-solaris-x86 | 0.3 | 40.80 | NOTE | |||
r-release-linux-x86_64 | 0.3 | 1.74 | 19.56 | 21.30 | NOTE | |
r-release-windows-ix86+x86_64 | 0.3 | 8.00 | 35.00 | 43.00 | OK | |
r-release-osx-x86_64 | 0.3 | NOTE | ||||
r-oldrel-windows-ix86+x86_64 | 0.3 | 7.00 | 32.00 | 39.00 | OK | |
r-oldrel-osx-x86_64 | 0.3 | NOTE |
Version: 0.3
Check: package dependencies
Result: NOTE
Package suggested but not available for checking: 'INLA'
Flavors: r-devel-linux-x86_64-debian-clang, r-devel-linux-x86_64-debian-gcc, r-patched-linux-x86_64, r-patched-solaris-x86, r-release-linux-x86_64, r-release-osx-x86_64, r-oldrel-osx-x86_64
Version: 0.3
Check: dependencies in R code
Result: NOTE
Namespaces in Imports field not imported from:
‘RColorBrewer’ ‘SpatialEpi’ ‘dplyr’ ‘dygraphs’ ‘ggplot2’
‘htmlwidgets’ ‘knitr’ ‘leaflet’ ‘mapproj’ ‘maptools’ ‘rgdal’ ‘rgeos’
‘rmarkdown’ ‘shinyjs’ ‘spdep’ ‘xts’
All declared Imports should be used.
Flavors: r-devel-linux-x86_64-fedora-clang, r-devel-linux-x86_64-fedora-gcc, r-patched-solaris-x86, r-release-osx-x86_64, r-oldrel-osx-x86_64