Last updated on 2020-01-27 00:48:23 CET.
Flavor | Version | Tinstall | Tcheck | Ttotal | Status | Flags |
---|---|---|---|---|---|---|
r-devel-linux-x86_64-debian-clang | 2.5 | 9.31 | 78.49 | 87.80 | OK | |
r-devel-linux-x86_64-debian-gcc | 2.5 | 7.86 | 62.15 | 70.01 | OK | |
r-devel-linux-x86_64-fedora-clang | 2.5 | 107.03 | WARN | |||
r-devel-linux-x86_64-fedora-gcc | 2.5 | 103.71 | NOTE | |||
r-devel-windows-ix86+x86_64 | 2.5 | 24.00 | 172.00 | 196.00 | OK | |
r-devel-windows-ix86+x86_64-gcc8 | 2.5 | 30.00 | 162.00 | 192.00 | OK | |
r-patched-linux-x86_64 | 2.5 | 7.38 | 69.85 | 77.23 | OK | |
r-patched-solaris-x86 | 2.5 | 148.60 | OK | |||
r-release-linux-x86_64 | 2.5 | 7.42 | 70.39 | 77.81 | OK | |
r-release-windows-ix86+x86_64 | 2.5 | 19.00 | 109.00 | 128.00 | OK | |
r-release-osx-x86_64 | 2.5 | OK | ||||
r-oldrel-windows-ix86+x86_64 | 2.5 | 10.00 | 125.00 | 135.00 | OK | |
r-oldrel-osx-x86_64 | 2.5 | OK |
Version: 2.5
Check: package dependencies
Result: WARN
Requires orphaned package: ‘flare’
Flavor: r-devel-linux-x86_64-fedora-clang
Version: 2.5
Check: compiled code
Result: NOTE
File ‘SparseTSCGM/libs/SparseTSCGM.so’:
Found no calls to: ‘R_registerRoutines’, ‘R_useDynamicSymbols’
It is good practice to register native routines and to disable symbol
search.
See ‘Writing portable packages’ in the ‘Writing R Extensions’ manual.
Flavors: r-devel-linux-x86_64-fedora-clang, r-devel-linux-x86_64-fedora-gcc