CRAN Package Check Results for Package SparseGrid

Last updated on 2020-01-27 00:48:23 CET.

Flavor Version Tinstall Tcheck Ttotal Status Flags
r-devel-linux-x86_64-debian-clang 0.8.2 2.93 50.95 53.88 NOTE
r-devel-linux-x86_64-debian-gcc 0.8.2 2.19 35.73 37.92 NOTE
r-devel-linux-x86_64-fedora-clang 0.8.2 65.08 NOTE
r-devel-linux-x86_64-fedora-gcc 0.8.2 62.82 NOTE
r-devel-windows-ix86+x86_64 0.8.2 8.00 90.00 98.00 NOTE
r-devel-windows-ix86+x86_64-gcc8 0.8.2 8.00 65.00 73.00 NOTE
r-patched-linux-x86_64 0.8.2 2.18 43.83 46.01 NOTE
r-patched-solaris-x86 0.8.2 75.30 NOTE
r-release-linux-x86_64 0.8.2 2.30 44.57 46.87 NOTE
r-release-windows-ix86+x86_64 0.8.2 4.00 55.00 59.00 NOTE
r-release-osx-x86_64 0.8.2 NOTE
r-oldrel-windows-ix86+x86_64 0.8.2 4.00 52.00 56.00 NOTE
r-oldrel-osx-x86_64 0.8.2 NOTE

Check Details

Version: 0.8.2
Check: DESCRIPTION meta-information
Result: NOTE
    Malformed Description field: should contain one or more complete sentences.
Flavors: r-devel-linux-x86_64-debian-clang, r-devel-linux-x86_64-debian-gcc, r-devel-linux-x86_64-fedora-clang, r-devel-linux-x86_64-fedora-gcc, r-devel-windows-ix86+x86_64, r-devel-windows-ix86+x86_64-gcc8, r-patched-linux-x86_64, r-patched-solaris-x86, r-release-linux-x86_64, r-release-windows-ix86+x86_64, r-release-osx-x86_64, r-oldrel-windows-ix86+x86_64, r-oldrel-osx-x86_64