Last updated on 2020-01-27 00:48:23 CET.
Flavor | Version | Tinstall | Tcheck | Ttotal | Status | Flags |
---|---|---|---|---|---|---|
r-devel-linux-x86_64-debian-clang | 1.6 | 8.89 | 79.64 | 88.53 | OK | |
r-devel-linux-x86_64-debian-gcc | 1.6 | 6.96 | 63.88 | 70.84 | OK | |
r-devel-linux-x86_64-fedora-clang | 1.6 | 107.51 | NOTE | |||
r-devel-linux-x86_64-fedora-gcc | 1.6 | 106.30 | OK | |||
r-devel-windows-ix86+x86_64 | 1.6 | 24.00 | 129.00 | 153.00 | NOTE | |
r-devel-windows-ix86+x86_64-gcc8 | 1.6 | 27.00 | 93.00 | 120.00 | NOTE | |
r-patched-linux-x86_64 | 1.6 | 7.48 | 71.58 | 79.06 | OK | |
r-patched-solaris-x86 | 1.6 | 168.10 | NOTE | |||
r-release-linux-x86_64 | 1.6 | 7.51 | 70.72 | 78.23 | OK | |
r-release-windows-ix86+x86_64 | 1.6 | 14.00 | 83.00 | 97.00 | NOTE | |
r-release-osx-x86_64 | 1.6 | NOTE | ||||
r-oldrel-windows-ix86+x86_64 | 1.6 | 7.00 | 75.00 | 82.00 | NOTE | |
r-oldrel-osx-x86_64 | 1.6 | NOTE |
Version: 1.6
Check: installed package size
Result: NOTE
installed size is 5.3Mb
sub-directories of 1Mb or more:
data 5.2Mb
Flavors: r-devel-linux-x86_64-fedora-clang, r-devel-windows-ix86+x86_64, r-devel-windows-ix86+x86_64-gcc8, r-patched-solaris-x86, r-release-windows-ix86+x86_64, r-release-osx-x86_64, r-oldrel-windows-ix86+x86_64, r-oldrel-osx-x86_64