CRAN Package Check Results for Package SmithWilsonYieldCurve

Last updated on 2020-01-27 00:48:23 CET.

Flavor Version Tinstall Tcheck Ttotal Status Flags
r-devel-linux-x86_64-debian-clang 1.0.1 2.01 20.91 22.92 NOTE
r-devel-linux-x86_64-debian-gcc 1.0.1 1.64 16.63 18.27 NOTE
r-devel-linux-x86_64-fedora-clang 1.0.1 28.61 NOTE
r-devel-linux-x86_64-fedora-gcc 1.0.1 27.42 NOTE
r-devel-windows-ix86+x86_64 1.0.1 8.00 49.00 57.00 NOTE
r-devel-windows-ix86+x86_64-gcc8 1.0.1 7.00 34.00 41.00 NOTE
r-patched-linux-x86_64 1.0.1 1.67 19.15 20.82 NOTE
r-patched-solaris-x86 1.0.1 40.40 NOTE
r-release-linux-x86_64 1.0.1 1.49 19.09 20.58 NOTE
r-release-windows-ix86+x86_64 1.0.1 4.00 31.00 35.00 NOTE
r-release-osx-x86_64 1.0.1 NOTE
r-oldrel-windows-ix86+x86_64 1.0.1 3.00 30.00 33.00 NOTE
r-oldrel-osx-x86_64 1.0.1 NOTE

Check Details

Version: 1.0.1
Check: DESCRIPTION meta-information
Result: NOTE
    Malformed Description field: should contain one or more complete sentences.
Flavors: r-devel-linux-x86_64-debian-clang, r-devel-linux-x86_64-debian-gcc, r-devel-linux-x86_64-fedora-clang, r-devel-linux-x86_64-fedora-gcc, r-devel-windows-ix86+x86_64, r-devel-windows-ix86+x86_64-gcc8, r-patched-linux-x86_64, r-patched-solaris-x86, r-release-linux-x86_64, r-release-windows-ix86+x86_64, r-release-osx-x86_64, r-oldrel-windows-ix86+x86_64, r-oldrel-osx-x86_64

Version: 1.0.1
Check: R code for possible problems
Result: NOTE
    lines.SmithWilsonYieldCurve: no visible global function definition for
     'lines'
    plot.SmithWilsonYieldCurve: no visible global function definition for
     'plot'
    points.SmithWilsonYieldCurve: no visible global function definition for
     'points'
    Undefined global functions or variables:
     lines plot points
    Consider adding
     importFrom("graphics", "lines", "plot", "points")
    to your NAMESPACE file.
Flavors: r-devel-linux-x86_64-debian-clang, r-devel-linux-x86_64-debian-gcc, r-devel-linux-x86_64-fedora-clang, r-devel-linux-x86_64-fedora-gcc, r-devel-windows-ix86+x86_64, r-devel-windows-ix86+x86_64-gcc8, r-patched-linux-x86_64, r-patched-solaris-x86, r-release-linux-x86_64, r-release-windows-ix86+x86_64, r-release-osx-x86_64, r-oldrel-windows-ix86+x86_64, r-oldrel-osx-x86_64