CRAN Package Check Results for Package SmartSVA

Last updated on 2020-01-27 00:48:23 CET.

Flavor Version Tinstall Tcheck Ttotal Status Flags
r-devel-linux-x86_64-debian-clang 0.1.3 44.51 188.33 232.84 OK
r-devel-linux-x86_64-debian-gcc 0.1.3 34.07 143.40 177.47 OK
r-devel-linux-x86_64-fedora-clang 0.1.3 289.42 OK
r-devel-linux-x86_64-fedora-gcc 0.1.3 282.40 OK
r-devel-windows-ix86+x86_64 0.1.3 117.00 362.00 479.00 OK
r-devel-windows-ix86+x86_64-gcc8 0.1.3 129.00 272.00 401.00 OK
r-patched-linux-x86_64 0.1.3 31.53 158.69 190.22 OK
r-patched-solaris-x86 0.1.3 364.10 OK
r-release-linux-x86_64 0.1.3 36.18 159.09 195.27 OK
r-release-windows-ix86+x86_64 0.1.3 74.00 227.00 301.00 OK
r-release-osx-x86_64 0.1.3 WARN
r-oldrel-windows-ix86+x86_64 0.1.3 53.00 212.00 265.00 OK
r-oldrel-osx-x86_64 0.1.3 OK

Check Details

Version: 0.1.3
Check: whether package can be installed
Result: WARN
    Found the following significant warnings:
     Warning: package ‘BiocParallel’ was built under R version 3.6.1
Flavor: r-release-osx-x86_64