CRAN Package Check Results for Package SmartEDA

Last updated on 2020-01-27 00:48:23 CET.

Flavor Version Tinstall Tcheck Ttotal Status Flags
r-devel-linux-x86_64-debian-clang 0.3.3 6.84 122.30 129.14 OK
r-devel-linux-x86_64-debian-gcc 0.3.3 5.57 108.88 114.45 OK
r-devel-linux-x86_64-fedora-clang 0.3.3 143.78 OK
r-devel-linux-x86_64-fedora-gcc 0.3.3 162.83 OK
r-devel-windows-ix86+x86_64 0.3.3 5.00 10.00 15.00 ERROR
r-patched-linux-x86_64 0.3.3 6.66 113.57 120.23 OK
r-patched-solaris-x86 0.3.3 133.70 WARN
r-release-linux-x86_64 0.3.3 6.21 108.97 115.18 OK
r-release-windows-ix86+x86_64 0.3.3 13.00 154.00 167.00 OK
r-release-osx-x86_64 0.3.3 WARN
r-oldrel-windows-ix86+x86_64 0.3.3 4.00 19.00 23.00 ERROR
r-oldrel-osx-x86_64 0.3.3 ERROR

Check Details

Version: 0.3.3
Check: whether package can be installed
Result: ERROR
    Installation failed.
Flavors: r-devel-windows-ix86+x86_64, r-oldrel-windows-ix86+x86_64, r-oldrel-osx-x86_64

Version: 0.3.3
Check: re-building of vignette outputs
Result: WARN
    Error(s) in re-building vignettes:
     ...
    --- re-building ‘CustomTable.Rmd’ using rmarkdown
    Warning in engine$weave(file, quiet = quiet, encoding = enc) :
     Pandoc (>= 1.12.3) and/or pandoc-citeproc not available. Falling back to R Markdown v1.
    --- finished re-building ‘CustomTable.Rmd’
    
    --- re-building ‘SmartEDA.Rmd’ using rmarkdown
    Warning in engine$weave(file, quiet = quiet, encoding = enc) :
     Pandoc (>= 1.12.3) and/or pandoc-citeproc not available. Falling back to R Markdown v1.
    Quitting from lines 132-133 (SmartEDA.Rmd)
    Error: processing vignette 'SmartEDA.Rmd' failed with diagnostics:
    unused argument (options = options)
    --- failed re-building ‘SmartEDA.Rmd’
    
    SUMMARY: processing the following file failed:
     ‘SmartEDA.Rmd’
    
    Error: Vignette re-building failed.
    Execution halted
Flavors: r-patched-solaris-x86, r-release-osx-x86_64