CRAN Package Check Results for Package SimMultiCorrData

Last updated on 2020-01-27 00:48:23 CET.

Flavor Version Tinstall Tcheck Ttotal Status Flags
r-devel-linux-x86_64-debian-clang 0.2.2 27.43 418.83 446.26 OK
r-devel-linux-x86_64-debian-gcc 0.2.2 24.31 303.24 327.55 OK
r-devel-linux-x86_64-fedora-clang 0.2.2 508.94 OK
r-devel-linux-x86_64-fedora-gcc 0.2.2 487.71 OK
r-devel-windows-ix86+x86_64 0.2.2 45.00 517.00 562.00 OK
r-devel-windows-ix86+x86_64-gcc8 0.2.2 60.00 514.00 574.00 OK
r-patched-linux-x86_64 0.2.2 23.87 369.18 393.05 OK
r-patched-solaris-x86 0.2.2 626.40 OK
r-release-linux-x86_64 0.2.2 22.56 367.02 389.58 OK
r-release-windows-ix86+x86_64 0.2.2 36.00 363.00 399.00 OK
r-release-osx-x86_64 0.2.2 OK
r-oldrel-windows-ix86+x86_64 0.2.2 31.00 331.00 362.00 WARN
r-oldrel-osx-x86_64 0.2.2 OK

Check Details

Version: 0.2.2
Check: whether package can be installed
Result: WARN
    Found the following significant warnings:
     Warning: S3 methods '[.fun_list', '[.grouped_df', 'all.equal.tbl_df', 'anti_join.data.frame', 'anti_join.tbl_df', 'arrange.data.frame', 'arrange.default', 'arrange.grouped_df', 'arrange.tbl_df', 'arrange_.data.frame', 'arrange_.tbl_df', 'as.data.frame.grouped_df', 'as.data.frame.rowwise_df', 'as.data.frame.tbl_cube', 'as.table.tbl_cube', 'as.tbl.data.frame', 'as.tbl.tbl', 'as.tbl_cube.array', 'as.tbl_cube.data.frame', 'as.tbl_cube.matrix', 'as.tbl_cube.table', 'as_tibble.grouped_df', 'as_tibble.tbl_cube', 'auto_copy.tbl_cube', 'auto_copy.tbl_df', 'cbind.grouped_df', 'collapse.data.frame', 'collect.data.frame', 'common_by.NULL', 'common_by.character', 'common_by.default', 'common_by.list', 'compute.data.frame', 'copy_to.DBIConnection', 'copy_to.src_local', 'default_missing.data.frame', 'default_missing.default', 'dim.tbl_cube', 'distinct.data.frame', 'distinct.default', 'distinct.grouped_df', 'distinct.tbl_df', 'distinct_.data.frame', 'distinct_.grouped_df', 'distinct_.tbl_df', 'do.NULL', 'do.da [... truncated]
Flavor: r-oldrel-windows-ix86+x86_64