CRAN Package Check Results for Package SimDesign

Last updated on 2020-01-27 00:48:23 CET.

Flavor Version Tinstall Tcheck Ttotal Status Flags
r-devel-linux-x86_64-debian-clang 2.0.1 8.97 91.97 100.94 OK
r-devel-linux-x86_64-debian-gcc 2.0.1 7.73 69.94 77.67 OK
r-devel-linux-x86_64-fedora-clang 2.0.1 118.36 OK
r-devel-linux-x86_64-fedora-gcc 2.0.1 64.76 OK
r-devel-windows-ix86+x86_64 2.0.1 30.00 157.00 187.00 OK
r-devel-windows-ix86+x86_64-gcc8 1.14 16.00 153.00 169.00 OK
r-patched-linux-x86_64 2.0.1 8.53 80.43 88.96 OK
r-patched-solaris-x86 2.0.1 143.70 NOTE
r-release-linux-x86_64 2.0.1 6.44 80.25 86.69 OK
r-release-windows-ix86+x86_64 2.0.1 15.00 105.00 120.00 OK
r-release-osx-x86_64 2.0.1 NOTE
r-oldrel-windows-ix86+x86_64 2.0.1 18.00 139.00 157.00 OK
r-oldrel-osx-x86_64 2.0.1 NOTE

Check Details

Version: 2.0.1
Check: installed package size
Result: NOTE
     installed size is 5.1Mb
     sub-directories of 1Mb or more:
     doc 4.5Mb
Flavor: r-patched-solaris-x86

Version: 2.0.1
Check: package dependencies
Result: NOTE
    Package suggested but not available for checking: ‘doMPI’
Flavors: r-release-osx-x86_64, r-oldrel-osx-x86_64