CRAN Package Check Results for Package SequenceSpikeSlab

Last updated on 2020-01-27 00:48:22 CET.

Flavor Version Tinstall Tcheck Ttotal Status Flags
r-devel-linux-x86_64-debian-clang 0.1.1 23.76 75.43 99.19 OK
r-devel-linux-x86_64-debian-gcc 0.1.1 15.96 58.88 74.84 OK
r-devel-linux-x86_64-fedora-clang 0.1.1 125.20 NOTE
r-devel-linux-x86_64-fedora-gcc 0.1.1 120.78 NOTE
r-devel-windows-ix86+x86_64 0.1.1 49.00 154.00 203.00 OK
r-devel-windows-ix86+x86_64-gcc8 0.1.1 63.00 160.00 223.00 OK
r-patched-linux-x86_64 0.1.1 18.21 66.81 85.02 OK
r-patched-solaris-x86 0.1.1 135.40 NOTE
r-release-linux-x86_64 0.1.1 18.69 67.00 85.69 OK
r-release-windows-ix86+x86_64 0.1.1 44.00 110.00 154.00 OK
r-release-osx-x86_64 0.1.1 NOTE
r-oldrel-windows-ix86+x86_64 0.1.1 33.00 103.00 136.00 OK
r-oldrel-osx-x86_64 0.1.1 NOTE

Check Details

Version: 0.1.1
Check: dependencies in R code
Result: NOTE
    Namespace in Imports field not imported from: ‘RcppProgress’
     All declared Imports should be used.
Flavors: r-devel-linux-x86_64-fedora-clang, r-devel-linux-x86_64-fedora-gcc, r-patched-solaris-x86, r-release-osx-x86_64, r-oldrel-osx-x86_64