CRAN Package Check Results for Package SWMPrExtension

Last updated on 2020-01-27 00:48:24 CET.

Flavor Version Tinstall Tcheck Ttotal Status Flags
r-devel-linux-x86_64-debian-clang 1.1.2 20.68 153.16 173.84 OK
r-devel-linux-x86_64-debian-gcc 1.1.2 19.51 117.42 136.93 OK
r-devel-linux-x86_64-fedora-clang 1.1.2 215.56 NOTE
r-devel-linux-x86_64-fedora-gcc 1.1.2 204.23 NOTE
r-devel-windows-ix86+x86_64 1.1.2 88.00 264.00 352.00 OK
r-devel-windows-ix86+x86_64-gcc8 1.1.2 78.00 169.00 247.00 OK
r-patched-linux-x86_64 1.1.2 19.60 137.87 157.47 OK
r-patched-solaris-x86 1.1.2 321.10 NOTE
r-release-linux-x86_64 1.1.2 19.74 135.73 155.47 OK
r-release-windows-ix86+x86_64 1.1.2 36.00 156.00 192.00 OK
r-release-osx-x86_64 1.1.2 NOTE
r-oldrel-windows-ix86+x86_64 1.1.2 31.00 156.00 187.00 OK
r-oldrel-osx-x86_64 1.1.2 NOTE

Check Details

Version: 1.1.2
Check: dependencies in R code
Result: NOTE
    Namespace in Imports field not imported from: ‘rgeos’
     All declared Imports should be used.
Flavors: r-devel-linux-x86_64-fedora-clang, r-devel-linux-x86_64-fedora-gcc, r-patched-solaris-x86, r-release-osx-x86_64, r-oldrel-osx-x86_64