Last updated on 2020-01-27 00:48:23 CET.
Flavor | Version | Tinstall | Tcheck | Ttotal | Status | Flags |
---|---|---|---|---|---|---|
r-devel-linux-x86_64-debian-clang | 1.8 | 2.60 | 26.09 | 28.69 | OK | |
r-devel-linux-x86_64-debian-gcc | 1.8 | 2.38 | 20.78 | 23.16 | OK | |
r-devel-linux-x86_64-fedora-clang | 1.8 | 35.87 | NOTE | |||
r-devel-linux-x86_64-fedora-gcc | 1.8 | 35.46 | NOTE | |||
r-devel-windows-ix86+x86_64 | 1.8 | 10.00 | 52.00 | 62.00 | OK | |
r-devel-windows-ix86+x86_64-gcc8 | 1.8 | 9.00 | 53.00 | 62.00 | OK | |
r-patched-linux-x86_64 | 1.8 | 2.35 | 23.79 | 26.14 | OK | |
r-patched-solaris-x86 | 1.8 | 50.90 | NOTE | |||
r-release-linux-x86_64 | 1.8 | 2.61 | 23.89 | 26.50 | OK | |
r-release-windows-ix86+x86_64 | 1.8 | 6.00 | 37.00 | 43.00 | OK | |
r-release-osx-x86_64 | 1.8 | NOTE | ||||
r-oldrel-windows-ix86+x86_64 | 1.8 | 4.00 | 39.00 | 43.00 | OK | |
r-oldrel-osx-x86_64 | 1.8 | NOTE |
Version: 1.8
Check: data for non-ASCII characters
Result: NOTE
Note: found 5 marked Latin-1 strings
Flavors: r-devel-linux-x86_64-fedora-clang, r-devel-linux-x86_64-fedora-gcc, r-patched-solaris-x86, r-release-osx-x86_64, r-oldrel-osx-x86_64