CRAN Package Check Results for Package SMARTp

Last updated on 2020-01-27 00:48:23 CET.

Flavor Version Tinstall Tcheck Ttotal Status Flags
r-devel-linux-x86_64-debian-clang 0.1.1 2.88 34.04 36.92 OK
r-devel-linux-x86_64-debian-gcc 0.1.1 2.46 26.30 28.76 OK
r-devel-linux-x86_64-fedora-clang 0.1.1 45.31 NOTE
r-devel-linux-x86_64-fedora-gcc 0.1.1 43.64 NOTE
r-devel-windows-ix86+x86_64 0.1.1 8.00 65.00 73.00 OK
r-devel-windows-ix86+x86_64-gcc8 0.1.1 10.00 44.00 54.00 OK
r-patched-linux-x86_64 0.1.1 2.36 30.69 33.05 OK
r-patched-solaris-x86 0.1.1 73.80 NOTE
r-release-linux-x86_64 0.1.1 2.29 30.27 32.56 OK
r-release-windows-ix86+x86_64 0.1.1 6.00 45.00 51.00 OK
r-release-osx-x86_64 0.1.1 NOTE
r-oldrel-windows-ix86+x86_64 0.1.1 3.00 42.00 45.00 OK
r-oldrel-osx-x86_64 0.1.1 NOTE

Check Details

Version: 0.1.1
Check: dependencies in R code
Result: NOTE
    Namespace in Imports field not imported from: ‘covr’
     All declared Imports should be used.
Flavors: r-devel-linux-x86_64-fedora-clang, r-devel-linux-x86_64-fedora-gcc, r-patched-solaris-x86, r-release-osx-x86_64, r-oldrel-osx-x86_64