CRAN Package Check Results for Package SIRItoGTFS

Last updated on 2020-01-27 00:48:23 CET.

Flavor Version Tinstall Tcheck Ttotal Status Flags
r-devel-linux-x86_64-debian-clang 0.2.4 10.27 70.88 81.15 NOTE
r-devel-linux-x86_64-debian-gcc 0.2.4 8.85 54.11 62.96 NOTE
r-devel-linux-x86_64-fedora-clang 0.2.4 96.97 NOTE
r-devel-linux-x86_64-fedora-gcc 0.2.4 93.62 NOTE
r-devel-windows-ix86+x86_64 0.2.4 21.00 100.00 121.00 OK
r-devel-windows-ix86+x86_64-gcc8 0.2.4 29.00 73.00 102.00 OK
r-patched-linux-x86_64 0.2.4 8.04 63.17 71.21 OK
r-patched-solaris-x86 0.2.4 135.70 OK
r-release-linux-x86_64 0.2.4 9.91 62.93 72.84 OK
r-release-windows-ix86+x86_64 0.2.4 15.00 62.00 77.00 OK
r-release-osx-x86_64 0.2.4 OK
r-oldrel-windows-ix86+x86_64 0.2.4 10.00 60.00 70.00 OK
r-oldrel-osx-x86_64 0.2.4 OK

Check Details

Version: 0.2.4
Check: for non-standard things in the check directory
Result: NOTE
    Found the following files/directories:
     'agency.csv' 'calendar.csv' 'routes.txt' 'shapes.txt'
     'stop_times.txt' 'stops.txt' 'translations.txt' 'trips.txt'
Flavors: r-devel-linux-x86_64-debian-clang, r-devel-linux-x86_64-debian-gcc, r-devel-linux-x86_64-fedora-clang, r-devel-linux-x86_64-fedora-gcc