Last updated on 2020-01-27 00:48:22 CET.
Flavor | Version | Tinstall | Tcheck | Ttotal | Status | Flags |
---|---|---|---|---|---|---|
r-devel-linux-x86_64-debian-clang | 0.3-2 | 3.61 | 31.28 | 34.89 | OK | |
r-devel-linux-x86_64-debian-gcc | 0.3-2 | 2.66 | 25.75 | 28.41 | OK | |
r-devel-linux-x86_64-fedora-clang | 0.3-2 | 40.64 | NOTE | |||
r-devel-linux-x86_64-fedora-gcc | 0.3-2 | 39.89 | NOTE | |||
r-devel-windows-ix86+x86_64 | 0.3-2 | 9.00 | 62.00 | 71.00 | OK | |
r-devel-windows-ix86+x86_64-gcc8 | 0.3-2 | 9.00 | 43.00 | 52.00 | OK | |
r-patched-linux-x86_64 | 0.3-2 | 2.48 | 28.87 | 31.35 | OK | |
r-patched-solaris-x86 | 0.3-2 | 58.90 | NOTE | |||
r-release-linux-x86_64 | 0.3-2 | 3.00 | 28.60 | 31.60 | OK | |
r-release-windows-ix86+x86_64 | 0.3-2 | 5.00 | 43.00 | 48.00 | OK | |
r-release-osx-x86_64 | 0.3-2 | NOTE | ||||
r-oldrel-windows-ix86+x86_64 | 0.3-2 | 3.00 | 36.00 | 39.00 | OK | |
r-oldrel-osx-x86_64 | 0.3-2 | NOTE |
Version: 0.3-2
Check: data for non-ASCII characters
Result: NOTE
Note: found 2016 marked UTF-8 strings
Flavors: r-devel-linux-x86_64-fedora-clang, r-devel-linux-x86_64-fedora-gcc, r-patched-solaris-x86, r-release-osx-x86_64, r-oldrel-osx-x86_64