CRAN Package Check Results for Package Rsmlx

Last updated on 2020-01-27 00:48:19 CET.

Flavor Version Tinstall Tcheck Ttotal Status Flags
r-devel-linux-x86_64-debian-clang 2.0.2 10.38 64.85 75.23 OK
r-devel-linux-x86_64-debian-gcc 2.0.2 7.76 49.47 57.23 OK
r-devel-linux-x86_64-fedora-clang 2.0.2 89.94 NOTE
r-devel-linux-x86_64-fedora-gcc 2.0.2 86.00 NOTE
r-devel-windows-ix86+x86_64 2.0.2 22.00 112.00 134.00 OK
r-devel-windows-ix86+x86_64-gcc8 2.0.2 29.00 79.00 108.00 OK
r-patched-linux-x86_64 2.0.2 7.68 57.38 65.06 OK
r-patched-solaris-x86 2.0.2 107.40 NOTE
r-release-linux-x86_64 2.0.2 8.48 57.64 66.12 OK
r-release-windows-ix86+x86_64 2.0.2 16.00 71.00 87.00 OK
r-release-osx-x86_64 2.0.2 NOTE
r-oldrel-windows-ix86+x86_64 2.0.2 12.00 64.00 76.00 OK
r-oldrel-osx-x86_64 2.0.2 NOTE

Check Details

Version: 2.0.2
Check: dependencies in R code
Result: NOTE
    Namespaces in Imports field not imported from:
     ‘methods’ ‘tcltk’ ‘tools’
     All declared Imports should be used.
Flavors: r-devel-linux-x86_64-fedora-clang, r-devel-linux-x86_64-fedora-gcc, r-patched-solaris-x86, r-release-osx-x86_64, r-oldrel-osx-x86_64