CRAN Package Check Results for Package Rraven

Last updated on 2020-01-27 00:48:18 CET.

Flavor Version Tinstall Tcheck Ttotal Status Flags
r-devel-linux-x86_64-debian-clang 1.0.8 7.42 74.39 81.81 OK
r-devel-linux-x86_64-debian-gcc 1.0.8 5.72 58.20 63.92 OK
r-devel-linux-x86_64-fedora-clang 1.0.8 95.70 NOTE
r-devel-linux-x86_64-fedora-gcc 1.0.8 95.09 NOTE
r-devel-windows-ix86+x86_64 1.0.8 12.00 107.00 119.00 OK
r-devel-windows-ix86+x86_64-gcc8 1.0.8 19.00 109.00 128.00 OK
r-patched-linux-x86_64 1.0.8 5.62 67.38 73.00 OK
r-patched-solaris-x86 1.0.8 96.50 NOTE
r-release-linux-x86_64 1.0.8 4.99 67.97 72.96 OK
r-release-windows-ix86+x86_64 1.0.8 12.00 71.00 83.00 OK
r-release-osx-x86_64 1.0.8 NOTE
r-oldrel-windows-ix86+x86_64 1.0.8 7.00 69.00 76.00 OK
r-oldrel-osx-x86_64 1.0.8 NOTE

Check Details

Version: 1.0.8
Check: dependencies in R code
Result: NOTE
    Namespace in Imports field not imported from: ‘NatureSounds’
     All declared Imports should be used.
Flavors: r-devel-linux-x86_64-fedora-clang, r-devel-linux-x86_64-fedora-gcc, r-patched-solaris-x86, r-release-osx-x86_64, r-oldrel-osx-x86_64