CRAN Package Check Results for Package RoughSets

Last updated on 2020-01-27 00:48:18 CET.

Flavor Version Tinstall Tcheck Ttotal Status Flags
r-devel-linux-x86_64-debian-clang 1.3-7 31.86 64.62 96.48 OK
r-devel-linux-x86_64-debian-gcc 1.3-7 22.10 48.68 70.78 OK
r-devel-linux-x86_64-fedora-clang 1.3-7 122.29 OK
r-devel-linux-x86_64-fedora-gcc 1.3-7 114.75 OK
r-devel-windows-ix86+x86_64 1.3-7 87.00 145.00 232.00 OK
r-devel-windows-ix86+x86_64-gcc8 1.3-7 81.00 97.00 178.00 OK
r-patched-linux-x86_64 1.3-7 23.39 57.75 81.14 NOTE
r-patched-solaris-x86 1.3-7 128.70 OK
r-release-linux-x86_64 1.3-7 26.65 57.51 84.16 NOTE
r-release-windows-ix86+x86_64 1.3-7 59.00 93.00 152.00 OK
r-release-osx-x86_64 1.3-7 OK
r-oldrel-windows-ix86+x86_64 1.3-7 48.00 81.00 129.00 OK
r-oldrel-osx-x86_64 1.3-7 OK

Check Details

Version: 1.3-7
Check: Rd line widths
Result: NOTE
    Rd file 'C.FRNN.FRST.Rd':
     \examples lines wider than 100 characters:
     type.relation = c("tolerance", "eq.1"), t.implicator = "lukasiewicz") ... [TRUNCATED]
    
    These lines will be truncated in the PDF manual.
Flavors: r-patched-linux-x86_64, r-release-linux-x86_64