Last updated on 2020-01-27 00:48:18 CET.
Flavor | Version | Tinstall | Tcheck | Ttotal | Status | Flags |
---|---|---|---|---|---|---|
r-devel-linux-x86_64-debian-clang | 1.2.0 | 40.91 | 157.33 | 198.24 | WARN | |
r-devel-linux-x86_64-debian-gcc | 1.2.0 | 0.46 | 1.64 | 2.10 | ERROR | |
r-devel-linux-x86_64-fedora-clang | 1.2.0 | 242.94 | WARN | |||
r-devel-linux-x86_64-fedora-gcc | 1.2.0 | 242.98 | WARN | |||
r-devel-windows-ix86+x86_64 | 1.2.0 | 66.00 | 300.00 | 366.00 | WARN | |
r-devel-windows-ix86+x86_64-gcc8 | 1.2.0 | 88.00 | 219.00 | 307.00 | WARN | |
r-patched-linux-x86_64 | 1.2.0 | 30.31 | 133.10 | 163.41 | OK | |
r-patched-solaris-x86 | 1.2.0 | 310.10 | OK | |||
r-release-linux-x86_64 | 1.2.0 | 29.03 | 131.59 | 160.62 | OK | |
r-release-windows-ix86+x86_64 | 1.2.0 | 56.00 | 199.00 | 255.00 | OK | |
r-release-osx-x86_64 | 1.2.0 | OK | ||||
r-oldrel-windows-ix86+x86_64 | 1.2.0 | 42.00 | 178.00 | 220.00 | OK | |
r-oldrel-osx-x86_64 | 1.2.0 | OK |
Version: 1.2.0
Check: whether package can be installed
Result: WARN
Found the following significant warnings:
Warning: unable to find a consistent ordering of superclasses for class "GPDORobEstimate": order chosen is inconsistent with the superclasses of "GPDkStepEstimate"
Warning: unable to find a consistent ordering of superclasses for class "GEVORobEstimate": order chosen is inconsistent with the superclasses of "GEVkStepEstimate"
Flavors: r-devel-linux-x86_64-debian-clang, r-devel-linux-x86_64-fedora-clang, r-devel-linux-x86_64-fedora-gcc, r-devel-windows-ix86+x86_64, r-devel-windows-ix86+x86_64-gcc8
Version: 1.2.0
Check: package dependencies
Result: ERROR
Packages required but not available:
'distrMod', 'ROptEst', 'distr', 'distrEx', 'RandVar', 'RobAStBase'
See section ‘The DESCRIPTION file’ in the ‘Writing R Extensions’
manual.
Flavor: r-devel-linux-x86_64-debian-gcc