CRAN Package Check Results for Package RobAStRDA

Last updated on 2020-01-27 00:48:18 CET.

Flavor Version Tinstall Tcheck Ttotal Status Flags
r-devel-linux-x86_64-debian-clang 1.2.0 14.41 27.96 42.37 OK
r-devel-linux-x86_64-debian-gcc 1.2.0 14.76 22.95 37.71 OK
r-devel-linux-x86_64-fedora-clang 1.2.0 56.19 NOTE
r-devel-linux-x86_64-fedora-gcc 1.2.0 55.48 OK
r-devel-windows-ix86+x86_64 1.2.0 51.00 53.00 104.00 NOTE
r-devel-windows-ix86+x86_64-gcc8 1.2.0 30.00 47.00 77.00 NOTE
r-patched-linux-x86_64 1.2.0 14.37 26.32 40.69 OK
r-patched-solaris-x86 1.2.0 94.20 NOTE
r-release-linux-x86_64 1.2.0 14.27 26.19 40.46 OK
r-release-windows-ix86+x86_64 1.2.0 34.00 54.00 88.00 NOTE
r-release-osx-x86_64 1.2.0 NOTE
r-oldrel-windows-ix86+x86_64 1.2.0 36.00 48.00 84.00 NOTE
r-oldrel-osx-x86_64 1.2.0 NOTE

Check Details

Version: 1.2.0
Check: installed package size
Result: NOTE
     installed size is 11.3Mb
     sub-directories of 1Mb or more:
     R 11.2Mb
Flavors: r-devel-linux-x86_64-fedora-clang, r-devel-windows-ix86+x86_64, r-devel-windows-ix86+x86_64-gcc8, r-patched-solaris-x86, r-release-windows-ix86+x86_64, r-release-osx-x86_64, r-oldrel-windows-ix86+x86_64, r-oldrel-osx-x86_64